Leumeah NSW weather

 Latitude S 34° 03' 26"    Longitude E 150° 49' 44"    Elevation 74 m

Leumeah weather

NOAA Style Reports

Select a Year or Month report

Report for 2013 Nov
                   Monthly Climatological Summary for Nov 2013

Name: Blazingcomet   City: Leumeah   State: NSW
Elevation: 74 m  Lat: S 34 03' 26"   Lon: E 150 49' 44"

                  Temperature (C), Rain (mm), Wind Speed (km/h)

                                      Heat  Cool        Avg
    Mean                              Deg   Deg         Wind                 Dom
Day Temp  High   Time   Low    Time   Days  Days  Rain  Speed High   Time    Dir
----------------------------------------------------------------------------------
 1  21.2  31.5   14:01  15.9   05:41   4.1   3.6   0.0   5.8  24.0   14:44     E
 2  23.8  35.7   13:39  12.7   06:04   3.7   7.0   0.0   3.2  24.0   12:58   WSW
 3  22.8  36.0   15:19  13.9   06:17   4.1   5.4   0.0  10.0  48.0   17:20    SW
 4  17.4  27.1   13:39  10.5   06:03   7.0   2.1   0.0   9.7  37.0   14:39   SSE
 5  18.3  29.7   14:46  11.8   23:47   6.3   2.5   0.0   6.5  26.0   10:58   SSE
 6  18.7  31.3   14:15   8.3   06:03   6.6   3.6   0.0   5.6  28.0   15:51   ENE
 7  24.1  39.9   14:21  11.4   05:51   4.1   7.6   0.0   5.0  31.0   16:16   ENE
 8  26.8  41.6   14:01  15.3   05:57   2.2   8.9   0.0   6.0  32.0   20:11    NE
 9  25.1  38.5   14:48  16.4   23:55   2.2   6.8   0.0   9.0  34.0   15:31   SSE
10  16.8  19.8   13:07  14.2   23:32   7.2   0.1   6.3   8.3  30.0   13:13   SSE
11  16.1  20.0   12:01  13.8   05:31   7.9   0.1  25.5   9.9  34.0   16:53   SSE
12  19.2  27.1   16:37  15.1   04:54   5.0   1.8   4.2   3.5  18.0   12:15    NE
13  21.7  31.4   15:05  11.8   06:22   4.4   5.0   0.3   7.0  34.0   13:11   WNW
14  21.4  32.6   15:30  11.7   06:00   4.5   4.5   0.0   6.0  28.0   17:43     S
15  20.0  30.1   13:48  12.8   05:23   4.9   3.2   0.0   7.6  32.0   13:18    SE
16  19.0  28.6   13:05  14.2   05:29   5.4   2.2   3.9   7.8  34.0   15:11   SSE
17  15.7  18.8   15:40  13.6   06:06   8.3   0.0   2.7   6.9  26.0   15:25   SSW
18  16.9  22.3   11:43  14.6   00:00   7.1   0.4  16.2  10.3  38.0   11:38   SSW
19  21.4  30.9   15:20  15.2   06:26   4.2   4.1   4.2   5.4  15.0   08:26    SE
20  22.7  34.7   14:42  13.2   05:50   3.9   5.6   0.3   4.9  24.0   15:24   ENE
21  23.1  32.6   12:57  16.5   05:22   2.8   5.0   0.9   6.8  27.0   14:52   ENE
22  21.1  28.6   13:21  18.7   04:52   3.2   2.8  51.0   6.0  33.0   15:33   ENE
23  22.8  30.1   10:58  17.4   23:49   2.7   4.5   0.3   4.7  23.0   14:04     E
24  20.8  29.9   13:06  13.5   06:12   4.3   3.5   0.3   5.6  28.0   16:01    SE
25  19.4  27.0   11:28  13.9   23:50   4.8   2.2   0.0   8.9  36.0   14:30     S
26  18.6  27.9   15:36  12.0   03:15   5.9   2.5   0.0   7.0  26.0   17:17     S
27  20.3  32.1   14:49  11.3   05:57   5.3   4.2   0.0   5.5  27.0   16:33     E
28  24.0  37.4   14:40  13.0   06:04   3.6   6.9   0.0   4.1  23.0   17:55   ENE
29  19.8  22.4   02:04  15.8   23:53   4.2   1.9   3.0   7.9  32.0   16:43     S
30  18.9  26.1   13:01  13.5   06:01   5.2   2.1   0.0   7.0  23.0   17:45   SSE
----------------------------------------------------------------------------------
    20.6  41.6     8     8.3     6   145.1 110.1 119.1   6.7  48.0     3      SE

Max >=  30.0: 16
Max <=  20.0:  3
Min <=  10.0:  1
Min <=   4.0:  0
Max Rain: 51.0 on day 22
Days of Rain: 14 (>= 0.2 mm)  9 (>= 2.0 mm)  2 (>= 20.0 mm)
Heat Base: 24.0  Cool Base: 18.3  Method: Integration
:now::gauges::today::yesterday::this month::this year::records::trends::forum:


Page updated 23/03/2012 9:30:00 PM
powered by Cumulus v1.9.2 (1032)