Leumeah NSW weather

 Latitude S 34° 03' 26"    Longitude E 150° 49' 44"    Elevation 74 m

Leumeah weather

NOAA Style Reports

Select a Year or Month report

Report for 2013 Dec
                   Monthly Climatological Summary for Dec 2013

Name: Blazingcomet   City: Leumeah   State: NSW
Elevation: 74 m  Lat: S 34 03' 26"   Lon: E 150 49' 44"

                  Temperature (C), Rain (mm), Wind Speed (km/h)

                                      Heat  Cool        Avg
    Mean                              Deg   Deg         Wind                 Dom
Day Temp  High   Time   Low    Time   Days  Days  Rain  Speed High   Time    Dir
----------------------------------------------------------------------------------
 1  18.8  28.2   15:23  12.3   04:07   5.4   2.3   0.0   5.4  22.0   16:06   ESE
 2  21.7  31.2   15:38  15.7   23:53   3.8   4.2   0.0   4.3  30.0   18:19    NE
 3  22.2  34.3   14:24  12.0   06:09   4.3   5.4   0.0   5.3  27.0   16:18   ENE
 4  25.0  35.9   16:20  14.7   05:38   2.7   7.4   0.0   4.0  21.0   17:23   ENE
 5  20.4  27.9   12:26  13.2   22:44   4.1   2.9   8.1  14.9  60.0   14:50     W
 6  18.8  27.6   16:32  11.7   06:07   5.8   2.7   0.0   9.4  32.0   00:27   WSW
 7  19.8  30.7   14:34   9.8   06:10   5.6   3.8   0.0   5.3  28.0   17:37     E
 8  22.8  33.2   14:33  13.5   05:56   3.8   5.7   0.0   5.3  26.0   16:18   ENE
 9  25.3  35.2   13:55  17.4   05:11   1.9   7.1   0.0   2.9  18.0   17:00   ENE
10  28.2  35.5   12:01  20.1   23:58   0.4   9.9   0.0  10.9  33.0   16:46     W
11  24.4  33.5   14:29  15.1   05:57   2.5   6.5   0.0   7.8  32.0   16:50     W
12  23.8  32.7   13:25  16.1   04:43   2.2   5.8   0.0   7.8  32.0   15:47     E
13  24.9  35.1   12:52  15.8   06:02   2.5   6.9   0.0   6.5  30.0   16:12     E
14  23.1  30.5   15:15  18.7   03:07   2.1   4.8   0.0   9.0  31.0   08:17   SSE
15  23.4  32.2   14:23  18.4   05:55   2.3   5.1   0.0   6.7  24.0   17:01   ESE
16  22.9  30.7   13:26  19.1   06:15   2.2   4.6   0.3   7.3  26.0   16:08     E
17  23.9  33.8   15:26  15.7   04:38   2.7   6.0   0.0   5.9  30.0   16:30   ENE
18  24.3  34.8   13:42  17.0   05:42   2.4   6.1   0.0   7.0  27.0   16:27     E
19  24.7  35.7   14:28  15.3   05:42   2.6   6.8   0.0   5.9  24.0   12:57   ENE
20  29.3  44.2   14:29  17.7   05:54   1.6  11.1   0.3   4.2  22.0   15:39   ENE
21  27.1  34.9   12:07  21.9   23:57   0.4   8.9   0.0   9.5  34.0   02:49   SSE
22  29.3  42.2   16:18  20.0   05:38   0.9  11.1   0.0   4.4  22.0   16:46    NE
23  27.4  36.7   12:20  20.7   23:55   0.5   9.1   0.3   5.7  39.0   20:58    SE
24  20.6  23.6   14:31  17.7   23:43   3.4   2.3   0.0   7.1  22.0   01:20   SSE
25  19.6  21.1   11:13  17.5   00:43   4.4   1.4  12.3   3.3  13.0   16:42   ENE
26  23.6  32.6   13:35  17.9   06:01   2.6   5.3   3.9   7.6  23.0   14:03   SSE
27  22.7  30.9   12:48  15.5   06:20   3.0   4.8   9.0   6.6  91.0   13:15     E
28  24.4  33.3   15:17  16.0   06:06   2.2   6.3   0.0   5.6  27.0   15:56   ENE
29  23.0  30.1   14:15  17.8   04:30   2.5   4.7   0.0  10.5  42.0   08:57   SSE
30  23.5  32.6   14:46  17.7   06:06   2.5   5.2   9.0   7.6  33.0   19:07     E
31  23.5  34.6   13:20  14.8   06:03   3.1   5.9   0.0   9.4  42.0   02:51    SE
----------------------------------------------------------------------------------
    23.6  44.2    20     9.8     7    86.4 180.1  43.2   6.9  91.0    27     ESE

Max >=  30.0: 26
Max <=  20.0:  0
Min <=  10.0:  1
Min <=   4.0:  0
Max Rain: 12.3 on day 25
Days of Rain: 8 (>= 0.2 mm)  5 (>= 2.0 mm)  0 (>= 20.0 mm)
Heat Base: 24.0  Cool Base: 18.3  Method: Integration
:now::gauges::today::yesterday::this month::this year::records::trends::forum:


Page updated 23/03/2012 9:30:00 PM
powered by Cumulus v1.9.2 (1032)