Leumeah NSW weather

 Latitude S 34° 03' 26"    Longitude E 150° 49' 44"    Elevation 74 m

Leumeah weather

NOAA Style Reports

Select a Year or Month report

Report for 2014 Feb
                   Monthly Climatological Summary for Feb 2014

Name: Blazingcomet   City: Leumeah   State: NSW
Elevation: 74 m  Lat: S 34 03' 26"   Lon: E 150 49' 44"

                  Temperature (C), Rain (mm), Wind Speed (km/h)

                                      Heat  Cool        Avg
    Mean                              Deg   Deg         Wind                 Dom
Day Temp  High   Time   Low    Time   Days  Days  Rain  Speed High   Time    Dir
----------------------------------------------------------------------------------
 1  27.0  37.8   14:59  20.9   06:28   0.9   8.7   0.0   6.6  24.0   15:41   ESE
 2  26.9  36.8   14:47  20.4   02:17   1.0   8.6   0.0   8.9  33.0   16:20   ENE
 3  27.0  38.8   14:29  20.4   05:45   1.1   8.7   0.0   8.4  28.0   16:13   ENE
 4  21.1  26.0   09:37  18.4   23:57   3.0   2.8   0.0   8.7  32.0   15:48     S
 5  21.2  26.4   13:40  16.8   06:31   3.2   3.0   0.0   8.8  28.0   11:45   SSE
 6  21.0  29.4   16:56  15.7   23:51   3.6   3.1   0.0   5.2  19.0   17:48   ESE
 7  22.8  36.3   15:31  12.1   06:14   4.3   6.1   0.0   5.7  27.0   15:41   ENE
 8  23.9  38.8   15:21  15.3   06:08   3.1   6.2   0.0   5.2  31.0   18:34     N
 9  23.6  36.9   12:41  17.0   05:50   2.6   5.5   0.0   3.7  23.0   17:57     N
10  24.1  32.3   15:41  20.2   01:40   1.4   5.8   0.0   8.4  27.0   15:49     N
11  24.0  31.0   15:18  20.8   01:39   1.2   5.7   0.0   4.9  21.0   14:32     N
12  25.1  32.0   15:00  22.2   05:04   0.6   6.8   0.0   6.9  22.0   15:41     N
13  26.1  35.4   14:51  21.4   06:53   0.9   7.8   0.3   7.2  27.0   18:10     N
14  23.2  28.9   16:30  20.4   03:49   1.6   4.9   0.9   3.9  16.0   15:56     N
15  23.2  26.7   14:22  19.7   19:46   1.3   4.9   4.5   2.7  11.0   09:07     N
16  22.4  24.5   12:37  18.5   22:40   1.7   4.1  10.5   4.3  28.0   13:29     N
17  21.7  27.8   16:36  17.4   05:04   3.0   3.4   0.3   5.3  22.0   11:19     N
18  23.4  32.5   15:47  16.8   04:55   2.4   5.3   0.0   3.6  18.0   17:30     E
19  22.5  26.4   10:45  20.2   03:59   1.7   4.2  12.3   1.8  12.0   18:59     N
20  24.2  33.3   15:40  17.3   06:38   2.2   6.0   0.0   5.1  24.0   14:09   WSW
21  22.4  33.6   13:26  13.3   06:31   3.7   5.0   0.0   6.8  26.0   16:47   SSE
22  23.0  31.8   15:04  18.3   07:23   2.5   4.7   0.0   6.0  23.0   14:52    SE
23  22.8  31.5   14:30  17.9   23:50   2.7   4.5   0.0   6.4  22.0   15:44   SSE
24  24.1  34.7   14:59  17.6   04:37   2.5   5.9   0.0   4.7  21.0   17:02     E
25  24.8  35.7   15:14  16.5   07:04   2.3   6.6   0.0   5.7  27.0   17:18     E
26  24.0  36.4   14:11  17.1   05:46   2.4   5.8   8.4   3.5  26.0   15:48    SW
27  20.9  23.9   13:37  18.6   06:33   3.1   2.6   0.3   6.8  28.0   10:53     S
28  19.8  21.8   13:53  17.7   23:31   4.2   1.6   0.3   6.0  22.0   11:35     S
----------------------------------------------------------------------------------
    23.4  38.8     3    12.1     7    64.2 148.3  37.8   5.8  33.0     2       E

Max >=  30.0: 18
Max <=  20.0:  0
Min <=  10.0:  0
Min <=   4.0:  0
Max Rain: 12.3 on day 19
Days of Rain: 9 (>= 0.2 mm)  4 (>= 2.0 mm)  0 (>= 20.0 mm)
Heat Base: 24.0  Cool Base: 18.3  Method: Integration
:now::gauges::today::yesterday::this month::this year::records::trends::forum:


Page updated 23/03/2012 9:30:00 PM
powered by Cumulus v1.9.2 (1032)