Leumeah NSW weather

 Latitude S 34° 03' 26"    Longitude E 150° 49' 44"    Elevation 74 m

Leumeah weather

NOAA Style Reports

Select a Year or Month report

Report for 2014 Mar
                   Monthly Climatological Summary for Mar 2014

Name: Blazingcomet   City: Leumeah   State: NSW
Elevation: 74 m  Lat: S 34 03' 26"   Lon: E 150 49' 44"

                  Temperature (C), Rain (mm), Wind Speed (km/h)

                                      Heat  Cool        Avg
    Mean                              Deg   Deg         Wind                 Dom
Day Temp  High   Time   Low    Time   Days  Days  Rain  Speed High   Time    Dir
----------------------------------------------------------------------------------
 1  19.6  23.5   13:31  17.4   01:24   4.4   1.5   9.3   4.0  18.0   17:08     S
 2  21.1  27.0   14:06  17.5   04:41   3.2   3.0   0.3   5.2  24.0   16:09     S
 3  21.7  29.4   12:17  16.0   04:19   3.3   3.8   0.0   5.3  23.0   17:03    SE
 4  22.5  29.2   16:38  18.9   23:55   2.4   4.2   0.0   3.8  17.0   17:01     E
 5  22.7  34.8   14:17  15.4   06:27   3.2   5.0   0.9   2.7  28.0   15:37    NW
 6  23.0  29.7   15:21  18.9   23:30   1.9   4.7   0.0   5.8  22.0   03:21   SSW
 7  22.9  34.2   13:20  16.2   07:19   3.0   4.8  14.1   2.5  24.0   16:31     E
 8  23.3  32.8   13:40  17.1   07:15   2.6   5.1   0.3   4.9  28.0   15:16     E
 9  23.6  32.0   16:06  18.2   05:04   2.3   5.3   0.0   4.1  27.0   17:11     E
10  24.3  34.9   14:40  16.6   07:28   2.4   6.2   0.0   4.3  23.0   15:46     E
11  24.1  33.4   15:26  17.0   07:21   2.4   5.9   0.0   4.3  24.0   16:35   ENE
12  22.8  31.4   14:36  16.1   06:07   2.8   4.9   0.0   3.9  22.0   19:45     S
13  22.8  30.0   14:52  18.4   04:04   2.3   4.6   0.0   5.4  22.0   01:19   SSE
14  22.8  31.5   14:07  16.7   05:23   2.5   4.7   0.0   3.6  22.0   15:19     E
15  22.0  32.8   15:23  15.7   06:57   3.1   4.1   1.2   2.5  31.0   16:35    NE
16  22.2  30.4   11:24  15.2   23:58   3.2   4.3   0.3   7.1  42.0   16:55     W
17  21.1  32.2   14:31  10.2   06:58   5.1   4.9   0.0   4.2  23.0   14:04     W
18  23.0  34.7   14:18  12.6   07:25   4.1   6.1   0.0   3.3  23.0   13:04   WNW
19  23.3  34.5   13:45  14.9   06:53   3.1   5.6   0.3   6.1  33.0   14:43     S
20  23.5  31.1   14:27  17.8   06:16   2.2   5.2   0.0   4.5  26.0   17:02     E
21  23.8  33.5   14:51  18.9   04:17   2.2   5.5   0.0   3.6  19.0   18:04    NE
22  23.5  35.8   14:34  16.7   07:27   2.9   5.5   0.0   3.6  38.0   17:10   ESE
23  24.7  33.7   14:33  19.0   07:05   1.7   6.4   0.0   3.5  19.0   14:02     N
24  19.3  22.7   11:19  16.8   14:48   4.7   1.3  21.9   6.0  23.0   12:38    SW
25  22.4  32.8   13:18  15.5   07:27   3.2   4.6   0.3   3.5  26.0   11:21   ESE
26  21.9  25.3   12:33  18.9   07:51   2.2   3.6   2.4   3.7  15.0   11:40   ESE
27  20.2  23.0   16:19  18.7   23:38   3.8   1.9   1.5   1.4  11.0   00:10     E
28  20.2  24.2   14:30  17.1   03:12   3.8   2.1   0.0   1.5  10.0   00:22     W
29  22.7  30.5   12:03  18.4   05:01   2.6   4.4   0.0   5.1  23.0   16:04   SSW
30  23.0  31.3   12:12  17.7   23:37   2.5   4.7   3.9   4.2  21.0   17:29   SSE
31  22.1  31.8   16:06  16.8   02:45   3.3   4.1   0.0   4.0  18.0   16:02     W
----------------------------------------------------------------------------------
    22.5  35.8    22    10.2    17    92.4 138.0  56.7   4.1  42.0    16      SE

Max >=  30.0: 22
Max <=  20.0:  0
Min <=  10.0:  0
Min <=   4.0:  0
Max Rain: 21.9 on day 24
Days of Rain: 13 (>= 0.2 mm)  5 (>= 2.0 mm)  1 (>= 20.0 mm)
Heat Base: 24.0  Cool Base: 18.3  Method: Integration
:now::gauges::today::yesterday::this month::this year::records::trends::forum:


Page updated 23/03/2012 9:30:00 PM
powered by Cumulus v1.9.2 (1032)