Leumeah NSW weather

 Latitude S 34° 03' 26"    Longitude E 150° 49' 44"    Elevation 74 m

Leumeah weather

NOAA Style Reports

Select a Year or Month report
V/Λ2018 > Jan Feb Mar Apr May Jun Jul Aug Sep Oct Nov Dec
V/Λ2017 > Jan Feb Mar Apr May Jun Jul Aug Sep Oct Nov Dec
V/Λ2016 > Jan Feb Mar Apr May Jun Jul Aug Sep Oct Nov Dec
V/Λ2015 > Jan Feb Mar Apr May Jun Jul Aug Sep Oct Nov Dec
V/Λ2014 > Jan Feb Mar Apr May Jun Jul Aug Sep Oct Nov Dec
V/Λ2013 > Jan Feb Mar Apr May Jun Jul Aug Sep Oct Nov Dec
V/Λ2012 > Jan Feb Mar Apr May Jun Jul Aug Sep Oct Nov Dec
V/Λ2011 > Jan Feb Mar Apr May Jun Jul Aug Sep Oct Nov Dec

Report for 2014 Jun
                   Monthly Climatological Summary for Jun 2014

Name: Blazingcomet   City: Leumeah   State: NSW
Elevation: 74 m  Lat: S 34 03' 26"   Lon: E 150 49' 44"

                  Temperature (C), Rain (mm), Wind Speed (km/h)

                                      Heat  Cool        Avg
    Mean                              Deg   Deg         Wind                 Dom
Day Temp  High   Time   Low    Time   Days  Days  Rain  Speed High   Time    Dir
----------------------------------------------------------------------------------
 1  14.0  18.4   12:35  11.5   21:34  10.0   0.0   7.5   1.9  30.0   14:10    SW
 2  15.1  26.2   12:30   9.0   23:54   9.0   1.3   1.8   1.9  18.0   04:10     W
 3  13.0  24.4   11:58   6.1   06:53  11.0   0.8   0.3   4.7  27.0   14:53     W
 4  15.1  26.9   12:36   7.4   05:04   9.1   1.3   0.0   3.0  16.0   09:49   SSW
 5  15.4  18.3   14:49  14.2   06:43   8.6   0.0   5.1   1.7   9.0   11:41    SW
 6  15.0  19.7   14:46  11.0   23:56   9.0   0.1   0.3   7.7  28.0   12:20   SSW
 7  13.7  28.6   12:34   7.2   05:42  10.4   1.2   0.0   3.5  19.0   14:22     S
 8  12.7  24.5   12:29   6.4   07:10  11.3   0.6   0.0   5.3  26.0   11:29     S
 9  13.1  26.5   12:45   6.4   01:36  10.9   0.8   0.3   6.3  24.0   13:04     S
10  13.6  19.7   14:47  10.1   02:49  10.4   0.0   1.5   2.8  13.0   10:33     S
11  14.1  25.0   15:24   7.7   04:33   9.9   0.8   0.3   2.0  12.0   15:03   SSW
12  13.6  24.3   15:13   7.9   07:03  10.4   1.0   0.0   1.2  13.0   12:49    NW
13  12.1  19.2   12:47   6.8   06:33  11.9   0.0   0.0   1.1  13.0   20:24     W
14  15.1  24.3   15:52  10.0   23:43   8.9   0.7   3.9   3.0  19.0   12:16   WSW
15  11.9  17.8   12:51   6.1   05:24  12.1   0.0   0.0   6.2  36.0   13:04   WSW
16  12.4  24.8   12:39   4.5   07:18  11.6   0.7   0.0   5.6  27.0   15:36   WSW
17  13.8  25.0   12:35   6.3   04:52  10.2   0.8   0.0   5.8  30.0   12:24    SW
18  14.2  26.9   12:33   8.1   23:59   9.9   1.3   0.0   3.6  18.0   08:12    SW
19  13.8  25.7   12:43   7.2   07:29  10.2   1.0   0.0   1.7  16.0   12:12   WNW
20  13.7  25.2   12:25   7.7   07:13  10.3   0.7   0.0   1.4  13.0   14:00   SSE
21  13.3  26.9   12:39   5.4   06:40  10.8   1.3   0.0   2.9  16.0   12:54    SW
22  13.0  23.4   15:27   7.6   23:47  11.0   0.6   0.0   1.8  11.0   08:55    SW
23  10.8  15.2   11:50   5.4   07:09  13.2   0.0   0.0   1.9  30.0   20:54   NNW
24  12.8  20.5   12:34   5.7   06:52  11.2   0.0   0.0  13.5  45.0   14:23     W
25  14.5  21.3   12:27   9.7   06:35   9.5   0.2   0.0  15.1  44.0   10:31     W
26  15.4  24.1   12:26   9.2   04:17   8.6   1.0   0.0   9.8  36.0   13:34     W
27  11.9  23.9   12:38   4.9   06:00  12.1   0.8   0.0   1.5  15.0   13:06   NNW
28  11.9  28.4   12:48   4.4   06:55  12.4   1.2   0.0   7.1  53.0   15:42   WNW
29  12.0  18.4   13:12   5.0   07:27  12.0   0.0   0.0  11.4  37.0   15:58     W
30  11.9  21.2   12:43   5.5   07:31  12.1   0.1   0.0   9.5  31.0   11:02   WSW
----------------------------------------------------------------------------------
    13.4  28.6     7     4.4    28   318.0  18.3  21.0   4.8  53.0    28     WSW

Max >=  30.0:  0
Max <=  20.0:  8
Min <=  10.0: 26
Min <=   4.0:  0
Max Rain: 7.5 on day 1
Days of Rain: 9 (>= 0.2 mm)  3 (>= 2.0 mm)  0 (>= 20.0 mm)
Heat Base: 24.0  Cool Base: 18.3  Method: Integration
:now::gauges::today::yesterday::this month::this year::records::trends::forum:


Page updated 23/03/2012 9:30:00 PM
powered by Cumulus v1.9.2 (1032)