Leumeah NSW weather

 Latitude S 34° 03' 26"    Longitude E 150° 49' 44"    Elevation 74 m

Leumeah weather

NOAA Style Reports

Select a Year or Month report
V/Λ2018 > Jan Feb Mar Apr May Jun Jul Aug Sep Oct Nov Dec
V/Λ2017 > Jan Feb Mar Apr May Jun Jul Aug Sep Oct Nov Dec
V/Λ2016 > Jan Feb Mar Apr May Jun Jul Aug Sep Oct Nov Dec
V/Λ2015 > Jan Feb Mar Apr May Jun Jul Aug Sep Oct Nov Dec
V/Λ2014 > Jan Feb Mar Apr May Jun Jul Aug Sep Oct Nov Dec
V/Λ2013 > Jan Feb Mar Apr May Jun Jul Aug Sep Oct Nov Dec
V/Λ2012 > Jan Feb Mar Apr May Jun Jul Aug Sep Oct Nov Dec
V/Λ2011 > Jan Feb Mar Apr May Jun Jul Aug Sep Oct Nov Dec

Report for 2014 Nov
                   Monthly Climatological Summary for Nov 2014

Name: Blazingcomet   City: Leumeah   State: NSW
Elevation: 74 m  Lat: S 34 03' 26"   Lon: E 150 49' 44"

                  Temperature (C), Rain (mm), Wind Speed (km/h)

                                      Heat  Cool        Avg
    Mean                              Deg   Deg         Wind                 Dom
Day Temp  High   Time   Low    Time   Days  Days  Rain  Speed High   Time    Dir
----------------------------------------------------------------------------------
 1  26.4  37.1   12:52  17.3   05:56   2.0   8.1   0.0   8.1  50.0   19:17     W
 2  17.8  28.5   15:29  11.1   05:57   6.5   1.8   0.0   6.5  48.0   01:48   SSW
 3  16.8  26.3   12:58   8.4   05:09   7.3   1.5   0.0   4.1  33.0   15:56   ENE
 4  20.3  28.2   13:29  13.7   05:25   4.3   3.0   0.0   4.1  30.0   15:45    NE
 5  19.6  31.8   13:10  14.2   05:38   5.1   2.4   6.3   2.8  42.0   15:46    NE
 6  18.2  26.8   12:41  12.7   02:52   5.9   1.9   0.0   4.0  28.0   14:25   ESE
 7  19.8  30.0   12:49  11.7   06:04   5.0   3.3   0.0   3.3  28.0   15:19   ENE
 8  20.8  31.9   14:03  10.9   05:44   4.8   4.4   0.0   3.4  27.0   17:16    NE
 9  21.5  31.2   10:19  13.1   05:53   4.1   4.2   0.0   4.2  30.0   15:10   ESE
10  20.4  27.5   12:46  17.7   04:24   3.7   2.3   0.0   4.2  27.0   16:32   ESE
11  18.1  25.2   09:49  14.5   04:46   5.9   0.9   0.0   3.5  27.0   14:03   ESE
12  19.7  29.3   14:52  14.8   05:08   4.8   2.5   0.0   3.1  27.0   17:51    NE
13  21.4  29.3   14:30  16.6   00:00   3.4   3.5   0.0   3.4  27.0   13:49    NE
14  28.1  44.2   15:06  15.3   05:56   2.6  10.3   0.0   3.4  45.0   20:56     E
15  20.7  26.3   10:33  17.1   23:47   3.6   2.5   0.3   4.0  18.0   05:24   ESE
16  21.1  29.5   14:12  15.3   23:56   3.8   3.4  35.7   7.7  58.0   13:28   WSW
17  20.9  32.3   14:21  10.5   05:45   4.6   4.3   0.0   3.7  31.0   14:40   ENE
18  21.1  30.3   12:39  14.2   03:09   3.8   3.7   0.0   5.2  36.0   15:25    SE
19  21.7  28.2   12:30  15.4   05:20   2.9   3.7   0.0   4.7  34.0   18:26   ENE
20  26.7  40.0   15:35  16.2   05:26   1.6   8.5   0.0   2.9  31.0   16:56    NE
21  29.2  41.2   14:05  20.2   23:49   1.2  10.9   0.0   6.7  49.0   14:53   WSW
22  24.1  34.5   14:25  17.1   05:41   2.1   5.9   0.0   3.7  23.0   14:57   ENE
23  27.6  44.6   14:24  17.4   04:01   2.0   9.4   0.9   3.3  30.0   18:02   ENE
24  25.4  37.6   13:54  20.5   04:01   1.2   7.1   0.3   3.1  26.0   14:53   ENE
25  23.0  29.2   12:46  18.8   20:55   1.6   4.7   0.3   5.5  30.0   09:56     E
26  22.3  29.2   14:45  17.6   05:55   2.5   4.1   0.0   4.5  33.0   16:02    NE
27  19.0  21.7   15:34  16.5   23:38   5.0   0.9   2.1   4.3  22.0   10:16   ESE
28  20.3  29.1   15:37  12.7   05:30   4.4   3.4   0.0   3.6  27.0   15:48   ENE
29  23.2  34.3   14:00  13.9   03:30   3.2   5.8   0.0   4.1  32.0   15:05   ENE
30  23.0  37.0   13:08  15.2   05:34   3.3   5.2   3.6   2.9  37.0   16:22    NE
----------------------------------------------------------------------------------
    21.9  44.6    23     8.4     3   112.2 133.6  49.5   4.3  58.0    16       E

Max >=  30.0: 15
Max <=  20.0:  0
Min <=  10.0:  1
Min <=   4.0:  0
Max Rain: 35.7 on day 16
Days of Rain: 8 (>= 0.2 mm)  4 (>= 2.0 mm)  1 (>= 20.0 mm)
Heat Base: 24.0  Cool Base: 18.3  Method: Integration
:now::gauges::today::yesterday::this month::this year::records::trends::forum:


Page updated 23/03/2012 9:30:00 PM
powered by Cumulus v1.9.2 (1032)