Leumeah NSW weather

 Latitude S 34° 03' 26"    Longitude E 150° 49' 44"    Elevation 74 m

Leumeah weather

NOAA Style Reports

Select a Year or Month report

Report for 2014 Dec
                   Monthly Climatological Summary for Dec 2014

Name: Blazingcomet   City: Leumeah   State: NSW
Elevation: 74 m  Lat: S 34 03' 26"   Lon: E 150 49' 44"

                  Temperature (C), Rain (mm), Wind Speed (km/h)

                                      Heat  Cool        Avg
    Mean                              Deg   Deg         Wind                 Dom
Day Temp  High   Time   Low    Time   Days  Days  Rain  Speed High   Time    Dir
----------------------------------------------------------------------------------
 1  25.4  35.3   13:27  17.0   05:47   1.6   7.2   0.6   7.4  33.0   23:57   ENE
 2  26.3  37.9   13:57  18.0   03:57   1.6   8.1   6.0   8.0  33.0   00:07     N
 3  25.9  39.3   14:07  19.5   05:07   1.8   7.7   6.0   6.4  30.0   16:47   ESE
 4  25.4  35.6   15:07  19.3   23:37   1.5   7.1  17.7   5.9  23.0   22:27   NNE
 5  23.6  33.4   13:27  18.4   05:27   2.3   5.3   0.6   4.8  23.0   14:57     E
 6  23.0  32.0   11:17  18.4   23:47   2.5   4.7  11.1   5.6  21.0   12:17   ENE
 7  21.9  32.4   12:47  17.7   02:27   3.4   3.7  24.0   4.1  27.0   15:27   NNE
 8  24.5  34.1   16:37  17.2   04:07   2.3   6.4   1.5   6.7  24.0   21:57    SE
 9  22.0  26.2   10:17  20.1   23:20   2.1   3.6   0.0   7.5  22.0   15:28     E
10  22.3  28.9   11:23  18.8   04:53   2.4   4.0   4.2   5.6  22.0   12:53    NE
11  19.7  22.1   11:48  16.4   19:45   4.3   1.6   8.1   8.4  38.0   18:59     S
12  19.6  24.8   14:06  15.6   00:47   4.4   2.1   5.4  13.8  40.0   08:25    SE
13  20.1  26.0   11:20  14.5   23:52   4.0   2.6   0.0   9.3  31.0   10:52   ESE
14  22.4  32.1   15:07  13.9   05:21   3.5   5.1   0.0   6.3  27.0   15:39    NE
15  23.6  33.2   15:15  14.0   05:43   3.0   6.1   0.0   6.4  26.0   17:47    NE
16  23.3  31.4   14:44  16.7   02:39   2.5   5.2   0.0   7.2  33.0   14:25    NE
17  20.4  25.7   11:54  17.8   03:29   3.6   2.2   0.0  10.1  30.0   06:48   ESE
18  22.4  30.3   17:23  16.5   01:53   3.0   4.6   0.0   6.5  27.0   15:21   ENE
19  20.8  25.9   11:03  16.8   05:45   3.3   2.7   0.0  10.0  32.0   15:11   ESE
20  21.5  29.7   12:23  15.5   23:58   3.4   3.7   0.0   7.2  27.0   16:22   ENE
21  23.2  32.6   15:41  13.8   05:27   3.2   5.9   0.0   7.5  28.0   16:10    NE
22  24.8  35.2   12:47  17.2   05:53   1.9   6.6   0.0   7.9  30.0   13:03    NE
23  24.0  31.9   12:35  19.7   06:44   1.6   5.7   5.4   5.1  23.0   12:01   NNE
24  23.4  30.6   09:31  19.9   23:56   1.8   5.1   0.0   7.1  28.0   13:47   ESE
25  23.3  35.4   13:05  19.2   17:39   2.7   5.0  30.0   6.4  45.0   16:38    NE
26  22.7  32.6   14:22  18.4   03:45   2.9   4.4   0.9  11.8  45.0   16:29   SSE
27  20.4  25.1   13:16  17.3   04:54   3.6   2.2   0.0   6.3  23.0   15:35     E
28  21.6  28.3   18:10  17.3   05:30   2.9   3.4   0.0   5.5  21.0   18:51    NE
29  24.7  36.7   15:25  14.8   05:37   2.6   6.8   1.2   5.6  51.0   17:58   NNE
30  26.8  34.8   16:05  16.5   05:43   1.6   8.6   0.3  10.5  39.0   17:39    SW
31  23.4  30.9   11:59  18.2   05:39   1.9   5.1   0.0   9.6  34.0   15:46   ENE
----------------------------------------------------------------------------------
    23.0  39.3     3    13.8    21    83.2 152.5 123.0   7.4  51.0    29       E

Max >=  30.0: 21
Max <=  20.0:  0
Min <=  10.0:  0
Min <=   4.0:  0
Max Rain: 30.0 on day 25
Days of Rain: 16 (>= 0.2 mm)  10 (>= 2.0 mm)  2 (>= 20.0 mm)
Heat Base: 24.0  Cool Base: 18.3  Method: Integration
:now::gauges::today::yesterday::this month::this year::records::trends::forum:


Page updated 23/03/2012 9:30:00 PM
powered by Cumulus v1.9.2 (1032)