Leumeah NSW weather

 Latitude S 34° 03' 26"    Longitude E 150° 49' 44"    Elevation 74 m

Leumeah weather

NOAA Style Reports

Select a Year or Month report
V/Λ2018 > Jan Feb Mar Apr May Jun Jul Aug Sep Oct Nov Dec
V/Λ2017 > Jan Feb Mar Apr May Jun Jul Aug Sep Oct Nov Dec
V/Λ2016 > Jan Feb Mar Apr May Jun Jul Aug Sep Oct Nov Dec
V/Λ2015 > Jan Feb Mar Apr May Jun Jul Aug Sep Oct Nov Dec
V/Λ2014 > Jan Feb Mar Apr May Jun Jul Aug Sep Oct Nov Dec
V/Λ2013 > Jan Feb Mar Apr May Jun Jul Aug Sep Oct Nov Dec
V/Λ2012 > Jan Feb Mar Apr May Jun Jul Aug Sep Oct Nov Dec
V/Λ2011 > Jan Feb Mar Apr May Jun Jul Aug Sep Oct Nov Dec

Report for 2015 Feb
                   Monthly Climatological Summary for Feb 2015

Name: Blazingcomet   City: Leumeah   State: NSW
Elevation: 74 m  Lat: S 34 03' 26"   Lon: E 150 49' 44"

                  Temperature (C), Rain (mm), Wind Speed (km/h)

                                      Heat  Cool        Avg
    Mean                              Deg   Deg         Wind                 Dom
Day Temp  High   Time   Low    Time   Days  Days  Rain  Speed High   Time    Dir
----------------------------------------------------------------------------------
 1  20.9  30.1   11:41  15.4   06:01   3.7   3.0   0.0   7.3  32.0   15:03    SE
 2  19.9  28.0   11:25  15.2   04:45   4.3   2.3   0.0  10.9  40.0   15:12     S
 3  20.2  27.6   14:37  14.1   05:36   4.3   3.1   0.0   9.1  28.0   11:22    SE
 4  19.4  28.5   14:12  13.3   04:14   4.9   2.5   0.6   7.1  24.0   14:57    SE
 5  19.2  24.2   13:13  16.5   23:39   4.8   1.3   0.6   5.6  27.0   13:17     E
 6  20.2  27.2   16:04  15.1   06:20   4.0   2.6   0.0   5.5  23.0   11:08   ESE
 7  21.7  32.6   16:02  15.1   01:21   3.9   4.3   0.0   6.0  23.0   17:08    NE
 8  25.5  37.3   13:50  14.8   06:25   2.7   7.8   0.0   5.2  26.0   14:38   ESE
 9  22.8  27.2   14:05  19.9   06:28   1.6   4.5   0.0   9.6  31.0   04:01    SE
10  23.9  31.4   12:01  19.2   00:57   1.7   5.6   0.0   7.4  28.0   16:47   ENE
11  24.7  34.0   13:28  18.8   03:27   1.8   6.4   1.2   6.5  33.0   16:54    NE
12  23.5  31.2   10:25  17.6   06:21   2.3   5.2   0.6   7.5  33.0   15:13   ESE
13  22.3  28.8   15:07  18.5   02:55   2.5   4.0   2.7   7.0  28.0   15:36   ESE
14  22.6  31.8   13:49  16.9   06:30   2.8   4.4  11.1   4.3  27.0   17:00    NE
15  22.9  32.3   13:52  18.2   02:52   2.5   4.6   0.3   5.5  38.0   14:08   ESE
16  23.8  32.8   13:06  16.8   05:15   2.3   5.7   0.0   6.1  27.0   16:33    NE
17  24.1  32.2   13:40  16.7   06:05   2.1   5.9   0.0   8.0  36.0   19:10    NE
18  23.6  29.9   11:28  17.1   05:10   2.1   5.4   0.0   8.2  34.0   17:16    NE
19  22.3  29.6   12:03  18.0   04:40   2.4   4.0   4.2   5.2  26.0   13:16   ENE
20  22.6  30.4   12:32  16.9   06:06   2.6   4.5   0.0   4.9  21.0   13:17   ENE
21  21.8  26.5   15:58  19.1   23:56   2.4   3.5   2.4   5.3  22.0   00:33     E
22  21.9  29.1   11:12  17.4   02:50   2.8   3.7   0.6   5.4  27.0   14:30   ENE
23  22.3  31.4   16:28  17.9   05:39   2.5   4.1   0.3   4.9  24.0   15:27   ENE
24  22.0  28.6   09:40  18.8   05:18   2.4   3.7   0.0   8.5  33.0   13:17   SSE
25  19.7  23.7   12:48  17.8   22:03   4.3   1.4  10.2   7.4  27.0   13:10   SSE
26  21.5  29.4   14:52  17.8   05:26   3.3   3.3   0.9   4.7  26.0   18:19    SW
27  22.1  30.3   14:16  15.7   06:40   3.2   4.3   0.0   6.4  23.0   16:59     E
28  23.0  30.8   16:37  16.5   06:26   2.7   5.0   0.0   4.7  23.0   16:17    NE
----------------------------------------------------------------------------------
    22.2  37.3     8    13.3     4    82.9 116.1  35.7   6.6  40.0     2       E

Max >=  30.0: 14
Max <=  20.0:  0
Min <=  10.0:  0
Min <=   4.0:  0
Max Rain: 11.1 on day 14
Days of Rain: 13 (>= 0.2 mm)  5 (>= 2.0 mm)  0 (>= 20.0 mm)
Heat Base: 24.0  Cool Base: 18.3  Method: Integration
:now::gauges::today::yesterday::this month::this year::records::trends::forum:


Page updated 23/03/2012 9:30:00 PM
powered by Cumulus v1.9.2 (1032)