Leumeah NSW weather

 Latitude S 34° 03' 26"    Longitude E 150° 49' 44"    Elevation 74 m

Leumeah weather

NOAA Style Reports

Select a Year or Month report
V/Λ2018 > Jan Feb Mar Apr May Jun Jul Aug Sep Oct Nov Dec
V/Λ2017 > Jan Feb Mar Apr May Jun Jul Aug Sep Oct Nov Dec
V/Λ2016 > Jan Feb Mar Apr May Jun Jul Aug Sep Oct Nov Dec
V/Λ2015 > Jan Feb Mar Apr May Jun Jul Aug Sep Oct Nov Dec
V/Λ2014 > Jan Feb Mar Apr May Jun Jul Aug Sep Oct Nov Dec
V/Λ2013 > Jan Feb Mar Apr May Jun Jul Aug Sep Oct Nov Dec
V/Λ2012 > Jan Feb Mar Apr May Jun Jul Aug Sep Oct Nov Dec
V/Λ2011 > Jan Feb Mar Apr May Jun Jul Aug Sep Oct Nov Dec

Report for 2015 Mar
                   Monthly Climatological Summary for Mar 2015

Name: Blazingcomet   City: Leumeah   State: NSW
Elevation: 74 m  Lat: S 34 03' 26"   Lon: E 150 49' 44"

                  Temperature (C), Rain (mm), Wind Speed (km/h)

                                      Heat  Cool        Avg
    Mean                              Deg   Deg         Wind                 Dom
Day Temp  High   Time   Low    Time   Days  Days  Rain  Speed High   Time    Dir
----------------------------------------------------------------------------------
 1  23.2  38.0   13:19  16.8   06:14   3.4   5.1  11.4   7.3  62.0   16:41     S
 2  19.4  24.1   11:02  15.5   05:53   4.6   1.7   0.0   7.5  23.0   15:47    SE
 3  21.8  33.3   14:54  13.6   06:21   3.6   4.4   0.0   4.8  28.0   15:32   ENE
 4  24.2  33.3   15:50  18.9   06:48   1.9   5.9   0.0   5.2  21.0   16:26   ENE
 5  20.4  27.7   13:47  14.7   23:56   3.9   2.7   0.0   9.0  42.0   15:43   SSE
 6  20.3  30.3   16:41  10.0   06:52   5.1   4.1   0.0   9.5  36.0   11:42    SW
 7  21.4  29.2   13:51  15.2   05:51   3.5   3.7   0.0   6.0  27.0   17:01    NE
 8  22.2  31.5   10:47  17.3   07:07   3.0   4.1   0.0   5.9  28.0   15:00   ESE
 9  24.9  36.6   15:44  17.1   07:09   2.1   6.6   0.0   6.3  27.0   16:49    SE
10  21.6  29.1   11:20  16.8   06:35   2.9   3.5   0.0   6.8  26.0   16:44   ESE
11  22.8  33.3   15:03  17.2   02:40   3.3   4.7  19.8   5.0  31.0   18:31   ENE
12  21.9  30.1   10:01  16.8   06:42   3.0   3.8   2.7   7.0  31.0   15:16   ESE
13  18.2  20.0   10:06  15.0   23:48   5.8   0.4   0.0   8.2  26.0   10:56   SSE
14  19.9  29.8   16:35  13.3   03:59   4.9   3.2   0.0   5.8  26.0   14:07    SW
15  18.8  26.0   16:34  14.3   23:59   5.3   1.9   0.0  10.0  38.0   15:41   SSE
16  17.9  25.1   14:32  13.0   01:33   6.1   1.5   0.0   4.8  22.0   14:35   ESE
17  18.1  25.0   13:16  10.4   06:07   5.9   2.2   0.0   3.4  19.0   12:37   NNE
18  21.2  31.7   14:01  14.8   05:20   4.0   3.7   0.3   3.6  22.0   17:08   ESE
19  23.7  36.4   16:22  15.2   04:15   3.0   6.0   0.0   4.8  19.0   16:42   ENE
20  20.9  32.0   11:37  15.5   06:56   4.2   3.3   0.3   9.3  42.0   18:31    SE
21  18.7  23.2   09:14  15.6   00:27   5.3   0.9   0.3   8.5  27.0   12:27    SE
22  19.3  23.9   14:09  16.6   05:19   4.7   1.5   1.5   4.6  18.0   11:29     E
23  22.3  32.0   16:19  16.3   05:09   3.3   4.4   0.0   4.6  21.0   18:15   NNE
24  19.6  23.6   11:30  16.8   23:58   4.4   1.4   4.8   2.1  13.0   15:29   ESE
25  17.5  25.0   15:00  11.4   06:16   6.5   1.6   0.3   5.4  22.0   15:25   ESE
26  20.2  28.6   16:01  13.3   07:23   4.4   3.1   0.0   8.2  28.0   21:42    SW
27  18.2  27.0   16:19   8.9   06:24   6.1   2.3   0.0  10.8  37.0   14:42    SW
28  17.5  27.1   13:14   9.4   06:55   6.5   1.9   0.0   5.5  23.0   17:39   ESE
29  18.6  28.6   15:11  11.3   04:49   6.1   2.7   0.0   4.1  23.0   17:02    NE
30  19.3  27.1   14:29  15.5   03:51   4.8   1.9   0.0   5.3  26.0   11:07     E
31  18.0  24.6   11:56  15.1   06:49   6.0   1.1   5.7   4.0  22.0   13:05    SE
----------------------------------------------------------------------------------
    20.4  38.0     1     8.9    27   137.6  95.3  47.1   6.2  62.0     1      SE

Max >=  30.0: 12
Max <=  20.0:  1
Min <=  10.0:  3
Min <=   4.0:  0
Max Rain: 19.8 on day 11
Days of Rain: 10 (>= 0.2 mm)  5 (>= 2.0 mm)  0 (>= 20.0 mm)
Heat Base: 24.0  Cool Base: 18.3  Method: Integration
:now::gauges::today::yesterday::this month::this year::records::trends::forum:


Page updated 23/03/2012 9:30:00 PM
powered by Cumulus v1.9.2 (1032)