Leumeah NSW weather

 Latitude S 34° 03' 26"    Longitude E 150° 49' 44"    Elevation 74 m

Leumeah weather

NOAA Style Reports

Select a Year or Month report
V/Λ2018 > Jan Feb Mar Apr May Jun Jul Aug Sep Oct Nov Dec
V/Λ2017 > Jan Feb Mar Apr May Jun Jul Aug Sep Oct Nov Dec
V/Λ2016 > Jan Feb Mar Apr May Jun Jul Aug Sep Oct Nov Dec
V/Λ2015 > Jan Feb Mar Apr May Jun Jul Aug Sep Oct Nov Dec
V/Λ2014 > Jan Feb Mar Apr May Jun Jul Aug Sep Oct Nov Dec
V/Λ2013 > Jan Feb Mar Apr May Jun Jul Aug Sep Oct Nov Dec
V/Λ2012 > Jan Feb Mar Apr May Jun Jul Aug Sep Oct Nov Dec
V/Λ2011 > Jan Feb Mar Apr May Jun Jul Aug Sep Oct Nov Dec

Report for 2015 Apr
                   Monthly Climatological Summary for Apr 2015

Name: Blazingcomet   City: Leumeah   State: NSW
Elevation: 74 m  Lat: S 34 03' 26"   Lon: E 150 49' 44"

                  Temperature (C), Rain (mm), Wind Speed (km/h)

                                      Heat  Cool        Avg
    Mean                              Deg   Deg         Wind                 Dom
Day Temp  High   Time   Low    Time   Days  Days  Rain  Speed High   Time    Dir
----------------------------------------------------------------------------------
 1  20.6  30.1   15:57  14.3   05:59   4.2   3.4   1.5   4.5  21.0   13:03   NNE
 2  21.2  31.4   15:01  14.6   06:15   4.1   3.9   2.4   4.0  34.0   22:26     S
 3  16.8  18.0   00:02  16.1   23:57   7.2   0.0   1.5   5.3  22.0   00:08   SSW
 4  16.0  17.9   14:58  14.6   20:01   8.0   0.0  10.5   5.5  19.0   11:23   SSE
 5  19.0  28.6   15:10  13.3   05:30   5.7   2.5   0.0   5.8  19.0   14:04   SSW
 6  17.9  28.9   12:34  11.6   05:59   6.5   2.0   1.5   3.2  36.0   14:05    NW
 7  15.7  24.9   10:22  11.0   06:19   8.3   0.9   3.9   7.4  43.0   13:12   WNW
 8  17.5  21.9   11:40  12.3   00:00   6.5   0.8   0.0  14.9  43.0   13:27    SW
 9  17.3  25.6   14:41  11.2   05:46   6.8   1.2   0.0  11.3  33.0   12:11     S
10  16.6  22.9   14:03  12.1   00:00   7.4   0.6   0.0   8.2  24.0   10:43     S
11  17.7  27.5   15:14  13.4   23:40   6.4   1.5   0.9   3.9  22.0   16:04     E
12  16.3  24.0   10:53  11.8   03:59   7.7   1.0   0.0   4.7  30.0   15:11    SE
13  16.6  25.4   12:20  12.0   05:55   7.4   1.0   0.0   5.3  19.0   15:15   SSE
14  17.5  26.0   14:23  10.4   05:31   6.5   1.7   0.0   3.9  21.0   16:33    NE
15  19.1  31.3   15:04  10.7   05:41   5.9   3.2   2.1   3.6  18.0   19:12     N
16  21.4  33.3   15:18  13.8   03:33   4.3   4.3   0.0   5.3  31.0   13:33    SW
17  18.6  19.9   15:29  17.6   06:55   5.4   0.4  11.1   1.7   9.0   12:18     E
18  21.4  29.9   12:33  16.6   06:29   3.4   3.4   5.1   2.7  22.0   17:01   NNW
19  17.0  24.4   11:34  11.4   21:14   7.0   1.0   0.9   9.2  40.0   15:35     S
20  13.4  15.1   13:15  11.0   03:36  10.6   0.0  67.5  16.0  51.0   16:54     S
21  13.5  15.6   12:10  12.5   18:33  10.6   0.0  49.8  20.3  46.0   03:22     S
22  15.6  19.2   15:48  13.8   00:00   8.4   0.0  42.3  11.5  44.0   03:44   SSW
23  17.4  27.8   12:24  10.9   06:06   6.7   1.5   0.3   2.8  17.0   12:44    SE
24  18.1  28.9   12:41  11.7   06:38   6.4   2.3   0.3   2.4  16.0   14:02     W
25  15.7  27.4   12:39   9.5   05:18   8.5   1.4   4.5   3.9  23.0   18:24     S
26  14.4  20.4   16:07  10.1   06:28   9.6   0.1   0.6   9.4  54.0   13:32   SSW
27  14.5  23.1   13:28   8.7   06:16   9.4   0.5   0.0   6.5  23.0   11:41     S
28  13.7  23.9   13:58   6.2   05:53  10.2   0.7   0.0   5.3  26.0   15:36   SSE
29  14.2  22.0   10:20   7.2   06:35   9.8   0.2   0.0   4.6  21.0   14:04    SE
30  15.3  21.6   14:32  12.7   22:23   8.7   0.1   1.2   4.5  19.0   13:36   SSE
----------------------------------------------------------------------------------
    17.0  33.3    16     6.2    28   217.6  39.6 207.9   6.6  54.0    26       S

Max >=  30.0:  4
Max <=  20.0:  6
Min <=  10.0:  4
Min <=   4.0:  0
Max Rain: 67.5 on day 20
Days of Rain: 19 (>= 0.2 mm)  10 (>= 2.0 mm)  3 (>= 20.0 mm)
Heat Base: 24.0  Cool Base: 18.3  Method: Integration
:now::gauges::today::yesterday::this month::this year::records::trends::forum:


Page updated 23/03/2012 9:30:00 PM
powered by Cumulus v1.9.2 (1032)