Leumeah NSW weather

 Latitude S 34° 03' 26"    Longitude E 150° 49' 44"    Elevation 74 m

Leumeah weather

NOAA Style Reports

Select a Year or Month report

Report for 2015 Oct
                   Monthly Climatological Summary for Oct 2015

Name: Blazingcomet   City: Leumeah   State: NSW
Elevation: 74 m  Lat: S 34 03' 26"   Lon: E 150 49' 44"

                  Temperature (C), Rain (mm), Wind Speed (km/h)

                                      Heat  Cool        Avg
    Mean                              Deg   Deg         Wind                 Dom
Day Temp  High   Time   Low    Time   Days  Days  Rain  Speed High   Time    Dir
----------------------------------------------------------------------------------
 1  19.2  28.8   15:38  12.4   05:33   5.3   2.6   0.0   1.6  29.0   23:29   ENE
 2  18.9  25.7   11:35  13.2   23:55   5.1   2.0   0.0   3.6  33.0   00:14   ESE
 3  21.2  33.9   16:20  10.0   05:41   5.3   5.1   0.0   0.8  12.0   13:20   WNW
 4  20.7  33.6   16:11  10.7   06:32   5.0   4.2   0.0   1.9  31.0   16:27     W
 5  23.9  37.8   16:34  10.7   06:07   4.3   7.5   0.0   1.4  20.0   15:08     W
 6  25.3  37.3   14:38  13.9   06:47   3.0   7.6   0.0   1.4  21.0   15:53     W
 7  16.7  18.9   09:14  13.8   22:42   7.3   0.0   0.0   6.4  40.0   05:51   SSE
 8  16.0  19.0   11:51  13.0   04:38   7.9   0.0   0.0   3.0  24.0   14:10     E
 9  18.9  25.9   15:46  14.9   05:53   5.3   1.8   0.4   2.2  21.0   16:00   ENE
10  19.1  26.8   12:21  11.9   06:18   5.4   2.7   0.0   2.1  16.0   15:55     E
11  18.1  26.9   12:21  11.9   04:08   6.3   1.9   1.8   1.0  21.0   17:28   WSW
12  20.2  30.6   13:48  13.4   06:36   4.5   3.2  18.0   2.3  36.0   20:37   SSE
13  17.5  18.9   00:00  15.4   23:49   6.5   0.0   0.0   3.6  26.0   10:35   SSE
14  18.6  24.2   14:08  12.9   05:08   5.4   1.8   0.0   3.2  29.0   16:08     E
15  20.4  29.4   15:09  12.9   06:16   4.4   3.2   0.0   2.3  27.0   16:36   ENE
16  22.6  34.0   15:07  13.7   06:16   3.8   5.4   0.0   1.6  20.0   17:22     E
17  21.6  28.9   13:05  15.8   06:07   3.0   3.6   0.0   2.6  27.0   21:51   ESE
18  19.0  22.6   14:16  17.4   05:40   5.0   0.8   0.0   4.0  18.0   00:00   ESE
19  21.0  27.6   13:44  17.4   06:13   3.5   2.8   0.0   2.6  29.0   15:57     E
20  21.3  32.3   14:24  15.3   04:17   4.1   3.7  13.2   1.3  26.0   16:11   WNW
21  20.8  25.8   10:51  14.9   06:04   3.4   3.2   0.2   0.3  12.0   13:50   ENE
22  18.4  21.7   12:40  15.4   23:58   5.6   0.9   0.6   6.3  51.0   17:13   SSW
23  16.0  19.0   13:15  12.6   23:59   8.0   0.0   0.0   3.9  24.0   11:32     S
24  16.7  25.0   14:27   9.3   06:12   7.3   1.5   0.0   2.8  29.0   16:54     E
25  19.2  27.3   12:59  11.9   04:23   5.2   2.9   0.0   2.2  26.0   15:37     E
26  19.2  27.5   13:08  12.6   06:08   5.0   2.1   6.6   2.7  57.0   13:43   SSE
27  15.5  17.8   14:50  13.8   23:48   8.5   0.0   7.2   6.4  44.0   15:15     S
28  15.4  20.5   12:45  10.9   23:40   8.6   0.4   0.0   3.1  24.0   15:29   ESE
29  16.7  24.1   14:40  11.0   00:21   7.3   1.3   0.0   2.8  29.0   17:12     E
30  17.2  24.9   13:55   9.5   06:02   6.8   1.5   0.0   2.8  26.0   14:55     E
31  17.8  25.2   14:27  11.5   05:43   6.2   1.8   2.2   1.7  26.0   11:44   ENE
----------------------------------------------------------------------------------
    19.1  37.8     5     9.3    24   172.3  75.5  50.2   2.7  57.0    26      SE

Max >=  30.0:  7
Max <=  20.0:  5
Min <=  10.0:  3
Min <=   4.0:  0
Max Rain: 18.0 on day 12
Days of Rain: 9 (>= 0.2 mm)  5 (>= 2.0 mm)  0 (>= 20.0 mm)
Heat Base: 24.0  Cool Base: 18.3  Method: Integration
:now::gauges::today::yesterday::this month::this year::records::trends::forum:


Page updated 23/03/2012 9:30:00 PM
powered by Cumulus v1.9.2 (1032)