Leumeah NSW weather

 Latitude S 34° 03' 26"    Longitude E 150° 49' 44"    Elevation 74 m

Leumeah weather

NOAA Style Reports

Select a Year or Month report
V/Λ2018 > Jan Feb Mar Apr May Jun Jul Aug Sep Oct Nov Dec
V/Λ2017 > Jan Feb Mar Apr May Jun Jul Aug Sep Oct Nov Dec
V/Λ2016 > Jan Feb Mar Apr May Jun Jul Aug Sep Oct Nov Dec
V/Λ2015 > Jan Feb Mar Apr May Jun Jul Aug Sep Oct Nov Dec
V/Λ2014 > Jan Feb Mar Apr May Jun Jul Aug Sep Oct Nov Dec
V/Λ2013 > Jan Feb Mar Apr May Jun Jul Aug Sep Oct Nov Dec
V/Λ2012 > Jan Feb Mar Apr May Jun Jul Aug Sep Oct Nov Dec
V/Λ2011 > Jan Feb Mar Apr May Jun Jul Aug Sep Oct Nov Dec

Report for 2015 Nov
                   Monthly Climatological Summary for Nov 2015

Name: Blazingcomet   City: Leumeah   State: NSW
Elevation: 74 m  Lat: S 34 03' 26"   Lon: E 150 49' 44"

                  Temperature (C), Rain (mm), Wind Speed (km/h)

                                      Heat  Cool        Avg
    Mean                              Deg   Deg         Wind                 Dom
Day Temp  High   Time   Low    Time   Days  Days  Rain  Speed High   Time    Dir
----------------------------------------------------------------------------------
 1  19.8  31.2   15:27  12.2   05:46   5.2   3.2   2.0   1.3  21.0   16:08    NE
 2  22.2  30.9   15:54  16.8   04:55   3.1   4.2   8.2   4.1  31.0   11:24   SSW
 3  18.1  19.0   10:36  15.7   23:14   5.9   0.2   0.8   3.4  21.0   12:44     S
 4  16.7  18.5   11:49  15.5   20:55   7.3   0.0   5.4   3.7  29.0   15:04     E
 5  17.6  20.3   16:52  15.4   01:53   6.4   0.4  11.6   2.9  21.0   16:47     E
 6  20.6  28.8   12:00  16.7   23:52   3.8   2.7  11.8   1.6  38.0   12:33    SW
 7  18.2  25.9   11:16  14.4   04:34   5.9   1.4   0.2   3.9  33.0   13:59    SE
 8  17.1  21.4   14:01  13.2   23:58   6.9   0.6   0.0   4.8  38.0   13:09   SSE
 9  17.5  25.5   15:18  11.0   04:03   6.5   1.8   0.0   2.3  26.0   17:11   ESE
10  20.1  30.4   14:52  11.5   05:56   4.9   3.6   0.0   2.7  24.0   16:32   ESE
11  19.2  23.2   11:22  16.7   23:26   4.8   1.2   2.6   3.1  26.0   12:13    SE
12  19.2  26.0   11:43  15.4   04:46   4.9   1.7   2.0   1.4  26.0   14:46    SW
13  19.8  29.4   13:26  15.2   05:19   4.9   2.3  19.2   2.0  45.0   14:34     S
14  16.7  18.6   10:00  14.4   22:32   7.3   0.0  14.0   2.7  21.0   15:25   SSE
15  16.6  20.6   13:26  12.7   23:56   7.4   0.3   1.8   4.3  33.0   16:44   SSE
16  16.5  24.3   13:13  10.4   06:01   7.5   1.1   0.0   2.8  24.0   15:25    SE
17  19.2  29.0   15:03   9.9   05:41   5.6   3.3   0.0   2.6  27.0   15:31     E
18  24.5  36.3   16:48  13.0   05:51   3.5   7.3   0.0   4.0  47.0   14:20   WSW
19  26.3  38.0   16:01  15.0   05:52   2.6   8.6   0.0   1.0  21.0   18:19     W
20  29.1  40.8   14:37  19.0   05:50   1.0  10.8   0.0   4.3  42.0   13:23     W
21  19.4  22.4   00:00  17.8   23:55   4.6   1.1   0.0   5.0  27.0   00:14    SE
22  18.3  20.9   16:09  16.2   05:43   5.7   0.7   0.0   2.0  20.0   16:35     E
23  20.1  28.7   12:24  13.7   05:39   4.3   2.7   0.0   3.6  36.0   15:31    SE
24  21.5  28.8   14:22  15.8   06:08   3.3   3.5   0.0   2.9  35.0   16:12     E
25  23.6  34.6   15:14  13.4   06:06   3.4   6.3   0.0   2.6  27.0   16:54   ENE
26  23.8  36.3   13:03  15.3   05:06   3.8   6.3   0.0   6.0  49.0   13:39   WSW
27  18.3  22.2   12:11  13.0   05:58   5.7   1.2   0.0   4.7  29.0   13:04     E
28  19.6  22.5   15:35  16.3   04:44   4.4   1.6   0.4   4.2  27.0   14:41     E
29  21.6  29.3   16:14  17.8   06:18   3.1   3.4   5.8   3.3  29.0   17:15     E
30  21.9  30.4   14:11  14.6   05:51   3.2   4.0   0.0   3.5  27.0   16:01     E
----------------------------------------------------------------------------------
    20.1  40.8    20     9.9    17   146.9  85.5  85.8   3.2  49.0    26      SE

Max >=  30.0:  9
Max <=  20.0:  3
Min <=  10.0:  1
Min <=   4.0:  0
Max Rain: 19.2 on day 13
Days of Rain: 14 (>= 0.2 mm)  10 (>= 2.0 mm)  0 (>= 20.0 mm)
Heat Base: 24.0  Cool Base: 18.3  Method: Integration
:now::gauges::today::yesterday::this month::this year::records::trends::forum:


Page updated 23/03/2012 9:30:00 PM
powered by Cumulus v1.9.2 (1032)