Leumeah NSW weather

 Latitude S 34° 03' 26"    Longitude E 150° 49' 44"    Elevation 74 m

Leumeah weather

NOAA Style Reports

Select a Year or Month report
V/Λ2018 > Jan Feb Mar Apr May Jun Jul Aug Sep Oct Nov Dec
V/Λ2017 > Jan Feb Mar Apr May Jun Jul Aug Sep Oct Nov Dec
V/Λ2016 > Jan Feb Mar Apr May Jun Jul Aug Sep Oct Nov Dec
V/Λ2015 > Jan Feb Mar Apr May Jun Jul Aug Sep Oct Nov Dec
V/Λ2014 > Jan Feb Mar Apr May Jun Jul Aug Sep Oct Nov Dec
V/Λ2013 > Jan Feb Mar Apr May Jun Jul Aug Sep Oct Nov Dec
V/Λ2012 > Jan Feb Mar Apr May Jun Jul Aug Sep Oct Nov Dec
V/Λ2011 > Jan Feb Mar Apr May Jun Jul Aug Sep Oct Nov Dec

Report for 2015 Dec
                   Monthly Climatological Summary for Dec 2015

Name: Blazingcomet   City: Leumeah   State: NSW
Elevation: 74 m  Lat: S 34 03' 26"   Lon: E 150 49' 44"

                  Temperature (C), Rain (mm), Wind Speed (km/h)

                                      Heat  Cool        Avg
    Mean                              Deg   Deg         Wind                 Dom
Day Temp  High   Time   Low    Time   Days  Days  Rain  Speed High   Time    Dir
----------------------------------------------------------------------------------
 1  26.3  38.4   13:16  15.4   05:42   2.4   8.5   0.0   1.5  18.0   16:39    NE
 2  18.7  24.9   00:00  15.4   20:53   5.3   1.0   0.0   6.1  45.0   13:15    SE
 3  17.5  21.2   13:19  13.2   23:53   6.5   0.8   0.0   3.5  26.0   10:59   ESE
 4  17.7  24.9   13:27  11.3   05:33   6.4   1.7   0.0   2.2  24.0   16:00     E
 5  19.8  29.9   15:04  11.3   05:44   5.1   3.5   0.0   2.8  26.0   15:27     E
 6  21.4  30.2   12:54  13.6   05:14   3.9   4.2   0.0   3.3  27.0   17:37     E
 7  21.1  27.5   13:14  16.6   03:27   3.2   3.2   0.0   3.7  26.0   15:00     E
 8  22.1  27.0   15:56  18.9   04:57   2.3   3.8   0.8   2.0  16.0   07:59     E
 9  25.8  35.6   17:13  20.1   05:56   1.4   7.5   3.0   2.3  29.0   22:12     E
10  22.4  27.9   15:04  18.6   04:46   2.3   4.1   0.0   3.5  29.0   17:07   ESE
11  25.4  33.8   12:10  18.5   23:54   1.8   7.1   0.0   6.1  53.0   14:28   WSW
12  18.7  24.3   11:09  15.1   04:06   5.3   1.2   0.0   4.9  36.0   14:06   ESE
13  20.0  26.5   13:45  16.8   05:53   4.1   2.1   0.0   3.2  33.0   16:33     E
14  22.5  32.9   13:58  14.4   05:41   3.4   5.0   0.0   3.4  31.0   14:22   ESE
15  21.8  30.0   11:48  14.9   05:44   3.4   4.1   2.0   3.0  35.0   18:55     E
16  20.3  25.0   17:49  17.4   13:27   3.8   2.0   1.8   2.1  36.0   12:44   ESE
17  21.2  29.0   14:27  14.6   04:57   3.5   3.8   0.0   3.4  27.0   16:00     E
18  24.2  34.6   14:44  15.4   04:36   2.6   6.3   0.0   3.4  33.0   15:06     E
19  26.2  37.2   13:56  17.1   05:18   2.1   8.0   0.0   3.1  35.0   18:33     E
20  26.7  40.2   15:41  15.0   05:17   2.3   8.9   0.0   3.0  29.0   17:42     E
21  21.8  30.6   11:07  16.4   23:27   2.9   3.7  14.8   3.2  35.0   14:59   SSE
22  16.8  18.5   14:01  15.9   09:50   7.2   0.0  20.0   1.4  18.0   21:15   SSW
23  19.0  23.2   11:07  15.0   05:24   5.0   1.5   0.0   3.9  27.0   12:16   ESE
24  19.1  24.2   14:38  13.7   05:42   4.9   2.0   0.0   4.9  29.0   13:57     E
25  19.7  25.4   13:54  13.5   04:33   4.3   2.5   0.0   3.2  29.0   17:03     E
26  21.9  29.7   12:54  16.4   05:40   2.7   3.8  12.0   0.9  29.0   11:10    NE
27  18.2  21.4   14:41  15.2   02:56   5.8   0.7   2.4   7.6  35.0   16:59   SSE
28  17.5  21.5   15:01  14.3   06:31   6.5   0.5   0.0   5.6  35.0   15:17   SSE
29  18.9  25.0   14:25  14.4   05:10   5.2   1.9   0.0   3.7  24.0   15:33   ESE
30  19.3  27.5   13:53  11.3   06:01   5.2   3.0   0.0   3.3  24.0   15:21     E
31  21.2  30.4   14:41  13.7   05:50   3.8   3.9   0.0   3.5  31.0   15:40     E
----------------------------------------------------------------------------------
    21.1  40.2    20    11.3     4   124.6 110.3  56.8   3.5  53.0    11     ESE

Max >=  30.0: 11
Max <=  20.0:  1
Min <=  10.0:  0
Min <=   4.0:  0
Max Rain: 20.0 on day 22
Days of Rain: 8 (>= 0.2 mm)  6 (>= 2.0 mm)  1 (>= 20.0 mm)
Heat Base: 24.0  Cool Base: 18.3  Method: Integration
:now::gauges::today::yesterday::this month::this year::records::trends::forum:


Page updated 23/03/2012 9:30:00 PM
powered by Cumulus v1.9.2 (1032)