Leumeah NSW weather

 Latitude S 34° 03' 26"    Longitude E 150° 49' 44"    Elevation 74 m

Leumeah weather

NOAA Style Reports

Select a Year or Month report
V/Λ2018 > Jan Feb Mar Apr May Jun Jul Aug Sep Oct Nov Dec
V/Λ2017 > Jan Feb Mar Apr May Jun Jul Aug Sep Oct Nov Dec
V/Λ2016 > Jan Feb Mar Apr May Jun Jul Aug Sep Oct Nov Dec
V/Λ2015 > Jan Feb Mar Apr May Jun Jul Aug Sep Oct Nov Dec
V/Λ2014 > Jan Feb Mar Apr May Jun Jul Aug Sep Oct Nov Dec
V/Λ2013 > Jan Feb Mar Apr May Jun Jul Aug Sep Oct Nov Dec
V/Λ2012 > Jan Feb Mar Apr May Jun Jul Aug Sep Oct Nov Dec
V/Λ2011 > Jan Feb Mar Apr May Jun Jul Aug Sep Oct Nov Dec

Report for 2016 Mar
                   Monthly Climatological Summary for Mar 2016

Name: Blazingcomet   City: Leumeah   State: NSW
Elevation: 74 m  Lat: S 34 03' 26"   Lon: E 150 49' 44"

                  Temperature (C), Rain (mm), Wind Speed (km/h)

                                      Heat  Cool        Avg
    Mean                              Deg   Deg         Wind                 Dom
Day Temp  High   Time   Low    Time   Days  Days  Rain  Speed High   Time    Dir
----------------------------------------------------------------------------------
 1  22.8  28.5   15:49  17.8   04:31   2.3   4.5   0.0   2.5  26.0   17:11   ENE
 2  23.4  32.1   15:22  16.4   06:31   2.4   5.2   0.0   2.6  26.0   16:22     E
 3  24.2  32.5   14:27  18.5   06:47   1.8   5.9   0.0   3.2  27.0   15:48     E
 4  23.3  29.8   13:34  18.7   03:37   2.0   5.0   0.0   3.4  29.0   14:52     E
 5  22.9  31.4   15:21  15.9   06:58   2.7   4.9   0.0   2.9  24.0   16:10     E
 6  22.6  30.2   14:01  15.6   06:45   2.8   4.7   0.0   3.6  29.0   15:41     E
 7  24.4  32.0   15:36  17.9   06:39   1.6   6.1   0.0   2.7  27.0   16:01     E
 8  23.7  29.4   13:20  17.8   06:42   1.5   5.4   0.0   4.5  33.0   15:51     E
 9  25.9  34.1   15:43  20.1   06:58   0.8   7.6   0.0   2.3  26.0   15:58     E
10  23.9  29.2   14:14  20.0   06:41   1.4   5.6   0.0   3.2  27.0   13:59    SE
11  23.9  29.1   12:36  21.4   23:57   1.0   5.6   0.2   1.8  18.0   13:13     E
12  24.5  33.4   14:38  18.5   06:42   1.8   6.2   0.0   3.2  29.0   16:36     E
13  23.8  29.8   14:24  18.8   07:16   1.5   5.5   0.0   3.2  27.0   17:36     E
14  23.3  32.4   13:59  19.9   06:53   1.6   5.0   0.2   3.3  35.0   14:43     S
15  21.5  26.3   15:11  19.0   08:39   2.7   3.2   2.8   4.3  27.0   12:50     S
16  21.0  25.8   13:55  17.6   07:26   3.2   2.8   7.6   3.8  27.0   12:00   SSE
17  21.0  25.2   12:00  17.8   05:16   3.1   2.8  11.4   2.8  21.0   15:35     E
18  20.1  27.7   15:05  15.4   22:11   4.0   2.2   1.2   3.1  54.0   15:54     W
19  17.4  23.3   12:49  10.4   07:12   6.6   0.9   0.0   3.2  29.0   16:06   SSE
20  17.7  22.5   14:01  14.4   07:05   6.3   0.9   0.8   5.4  38.0   15:24     S
21  17.2  20.8   15:03  14.4   23:56   6.8   0.4   0.2   3.7  29.0   14:06     S
22  17.4  23.2   14:16  12.1   06:06   6.6   1.2   0.0   4.8  33.0   16:31   SSW
23  18.5  26.5   14:14  11.3   06:43   5.7   2.1   0.0   2.4  27.0   15:38   ESE
24  20.8  29.4   15:41  13.7   05:36   4.2   3.8   0.0   1.9  27.0   16:17     E
25  19.8  24.2   15:39  16.2   05:53   4.2   1.9   0.2   0.4  12.0   21:55   SSW
26  20.4  27.8   14:33  14.8   04:22   4.1   2.9   0.0   2.3  24.0   15:37     E
27  20.5  24.7   12:55  17.4   04:17   3.5   2.3   0.0   3.5  27.0   13:10     E
28  20.7  25.0   14:37  17.9   05:12   3.3   2.4   0.6   2.2  21.0   16:49     E
29  19.8  23.0   12:16  18.3   23:28   4.2   1.5   8.0   0.9  16.0   10:33     S
30  20.3  25.8   12:44  14.0   23:55   4.0   2.6   0.0   2.5  31.0   16:37     W
31  17.9  25.2   13:31  12.3   04:51   6.1   1.7   0.0   2.4  24.0   16:21   SSE
----------------------------------------------------------------------------------
    21.4  34.1     9    10.4    19   103.8 112.8  33.2   3.0  54.0    18     ESE

Max >=  30.0:  8
Max <=  20.0:  0
Min <=  10.0:  0
Min <=   4.0:  0
Max Rain: 11.4 on day 17
Days of Rain: 11 (>= 0.2 mm)  4 (>= 2.0 mm)  0 (>= 20.0 mm)
Heat Base: 24.0  Cool Base: 18.3  Method: Integration
:now::gauges::today::yesterday::this month::this year::records::trends::forum:


Page updated 23/03/2012 9:30:00 PM
powered by Cumulus v1.9.2 (1032)