Leumeah NSW weather

 Latitude S 34° 03' 26"    Longitude E 150° 49' 44"    Elevation 74 m

Leumeah weather

NOAA Style Reports

Select a Year or Month report

Report for 2016 Apr
                   Monthly Climatological Summary for Apr 2016

Name: Blazingcomet   City: Leumeah   State: NSW
Elevation: 74 m  Lat: S 34 03' 26"   Lon: E 150 49' 44"

                  Temperature (C), Rain (mm), Wind Speed (km/h)

                                      Heat  Cool        Avg
    Mean                              Deg   Deg         Wind                 Dom
Day Temp  High   Time   Low    Time   Days  Days  Rain  Speed High   Time    Dir
----------------------------------------------------------------------------------
 1  20.5  28.0   16:50  14.7   00:28   4.3   3.2   0.0   1.6  21.0   17:51    NE
 2  21.0  30.7   17:28  14.4   06:32   4.3   3.6   0.0   2.5  33.0   13:05   WSW
 3  20.2  24.3   13:15  17.2   05:02   3.9   2.1   0.0   3.3  33.0   15:30    SE
 4  19.5  23.3   13:14  17.4   03:46   4.5   1.4   2.6   2.0  20.0   16:16   ESE
 5  20.9  29.5   13:57  14.8   06:12   3.9   3.3   0.0   2.2  26.0   15:15     E
 6  24.8  35.1   14:56  14.8   06:16   2.7   7.2   0.0   1.1  26.0   14:32     N
 7  18.6  21.5   00:00  17.1   23:05   5.4   0.6   0.0   4.0  36.0   05:25   SSE
 8  17.8  19.9   14:17  16.6   02:02   6.2   0.2   0.0   0.9  15.0   16:27    SW
 9  18.4  25.5   12:46  13.3   06:15   5.7   1.6   0.0   2.1  18.0   12:56    SE
10  18.7  29.0   16:36  12.4   06:29   6.0   2.6   0.2   1.0  18.0   11:45     W
11  17.9  26.3   12:52   9.9   06:14   6.2   1.7   0.0   2.4  29.0   14:33   SSE
12  18.2  21.5   14:49  15.9   23:56   5.8   0.7   0.0   2.5  26.0   15:11    SE
13  17.7  23.1   12:37  14.2   23:54   6.3   1.1   0.0   2.1  18.0   11:31   ESE
14  17.4  22.2   13:06  12.8   02:42   6.5   1.0   0.4   1.7  18.0   13:22     E
15  19.6  27.3   14:15  13.2   06:21   4.8   2.5   0.0   1.8  24.0   16:24     E
16  19.3  28.3   12:54  12.5   06:18   5.1   2.5   0.0   1.4  24.0   13:59   ESE
17  18.3  22.9   12:38  15.1   23:47   5.7   0.8   2.2   2.7  27.0   13:04     S
18  17.3  22.3   13:33  13.2   05:57   6.7   0.8   0.6   2.9  26.0   14:03   SSE
19  18.1  23.2   14:19  14.9   05:26   5.9   1.1   9.4   1.7  18.0   15:57   ESE
20  18.8  25.9   13:42  13.5   06:16   5.3   1.8   0.2   1.5  20.0   15:14     E
21  19.8  28.0   14:35  13.7   06:16   4.7   2.6   0.2   1.0  20.0   16:28   ENE
22  17.7  24.5   12:07  13.8   06:35   6.4   1.3   1.4   2.5  36.0   12:15    SW
23  16.5  20.2   11:33  13.4   01:33   7.5   0.1   0.6   5.4  36.0   11:57   SSW
24  16.1  20.5   10:41  11.7   23:59   7.8   0.6   2.8   3.9  31.0   12:31   SSE
25  15.7  23.4   14:21  10.5   06:23   8.3   0.9   0.2   1.5  20.0   13:31   ESE
26  16.2  24.8   14:54  10.1   05:50   7.8   1.2   0.2   1.8  20.0   13:04     E
27  17.2  25.3   14:52  10.5   06:45   6.8   1.7   0.0   1.6  24.0   16:03   ENE
28  17.5  26.0   14:54  11.9   05:16   6.6   1.6   0.2   0.9  15.0   15:57     E
29  17.9  24.1   12:11  11.6   06:06   6.1   1.5   0.2   0.4   9.0   12:13     E
30  19.4  25.3   14:16  14.9   23:58   4.7   1.8   0.6   0.6  12.0   14:24   WSW
----------------------------------------------------------------------------------
    18.6  35.1     6     9.9    11   171.9  53.1  22.0   2.0  36.0     7      SE

Max >=  30.0:  2
Max <=  20.0:  1
Min <=  10.0:  1
Min <=   4.0:  0
Max Rain: 9.4 on day 19
Days of Rain: 16 (>= 0.2 mm)  4 (>= 2.0 mm)  0 (>= 20.0 mm)
Heat Base: 24.0  Cool Base: 18.3  Method: Integration
:now::gauges::today::yesterday::this month::this year::records::trends::forum:


Page updated 23/03/2012 9:30:00 PM
powered by Cumulus v1.9.2 (1032)