Leumeah NSW weather

 Latitude S 34° 03' 26"    Longitude E 150° 49' 44"    Elevation 74 m

Leumeah weather

NOAA Style Reports

Select a Year or Month report

Report for 2016 Jun
                   Monthly Climatological Summary for Jun 2016

Name: Blazingcomet   City: Leumeah   State: NSW
Elevation: 74 m  Lat: S 34 03' 26"   Lon: E 150 49' 44"

                  Temperature (C), Rain (mm), Wind Speed (km/h)

                                      Heat  Cool        Avg
    Mean                              Deg   Deg         Wind                 Dom
Day Temp  High   Time   Low    Time   Days  Days  Rain  Speed High   Time    Dir
----------------------------------------------------------------------------------
 1  12.5  16.6   12:40  10.5   03:04  11.5   0.0   4.2   0.7  16.0   10:27   SSW
 2  13.1  19.2   13:28   9.4   06:05  10.9   0.0   0.2   1.5  20.0   16:13     S
 3  13.4  17.2   11:45   8.5   06:43  10.6   0.0   2.8   0.8  11.0   08:45   SSE
 4  15.5  17.8   13:12  13.7   00:24   8.5   0.0  49.8   2.7  44.0   13:59     E
 5  15.9  17.9   09:14  13.3   20:04   8.1   0.0 257.6   7.4  51.0   09:51   ESE
 6  14.8  17.0   12:53  12.7   21:59   9.2   0.0   0.4  11.8  45.0   13:36     W
 7  12.2  18.6   12:35   6.7   07:15  11.8   0.0   0.0   2.1  38.0   15:43     W
 8  13.0  19.2   13:05   6.2   01:59  11.0   0.1   0.0   2.1  27.0   13:00     W
 9  15.9  21.4   13:59  12.3   02:35   8.1   0.6   0.0   1.8  27.0   11:43   WNW
10  13.4  19.0   13:44   8.1   07:06  10.6   0.1   0.0   3.0  29.0   12:54   WSW
11  13.3  18.2   13:41   7.8   06:34  10.7   0.0   0.0   7.5  44.0   11:40   WSW
12   9.5  15.9   13:30   5.0   23:09  14.5   0.0   0.0   2.1  18.0   00:51   WSW
13  10.3  18.7   14:19   4.8   02:40  13.7   0.0   0.0   1.1  16.0   15:44   WSW
14  11.4  19.7   14:45   4.2   07:05  12.6   0.2   0.2   0.9  16.0   15:33   WSW
15  11.1  18.8   13:03   6.7   06:47  12.8   0.0   0.0   1.1  12.0   13:37   WSW
16  10.6  19.0   14:33   4.1   07:21  13.4   0.0   0.0   0.4  15.0   13:51    NW
17  10.9  16.7   15:24   6.2   06:25  13.1   0.0   1.6   0.1   6.0   11:54     W
18  13.4  17.4   14:42  10.6   00:14  10.6   0.0   5.2   0.3   9.0   12:36    SW
19  13.5  17.2   20:48  10.1   03:28  10.5   0.0  29.4   1.3  21.0   18:11   ESE
20  14.3  18.5   13:04  11.1   19:56   9.6   0.0   0.2   1.1  21.0   15:21     W
21  13.5  17.6   12:45   9.4   22:08  10.5   0.0   0.0   2.9  42.0   04:28     W
22  13.7  17.8   12:40   8.7   07:38  10.3   0.0   0.0   5.9  47.0   14:30     W
23  12.0  17.2   14:19   7.2   06:56  12.0   0.0   0.0   1.4  24.0   01:31     W
24  10.3  15.0   12:34   6.0   03:51  13.7   0.0   0.0   8.5  47.0   12:51     W
25   8.2  13.5   13:53   2.9   22:56  15.5   0.0   0.0   5.8  36.0   00:00   WSW
26   7.4  15.1   14:11   1.1   07:08  16.6   0.0   0.0   0.4  12.0   10:55     W
27   8.8  11.7   12:30   6.9   02:00  15.2   0.0   2.6   1.7  26.0   22:00    SW
28   9.5  15.6   14:07   4.8   23:55  14.5   0.0   0.0   3.9  29.0   10:39    SW
29   8.6  17.8   14:33   2.6   06:04  15.4   0.0   0.0   0.6  12.0   09:57     W
30   7.3  14.1   16:40   0.2   07:16  16.7   0.0   0.2   0.6  26.0   17:22   WNW
----------------------------------------------------------------------------------
    11.9  21.4     9     0.2    30   362.2   1.0 354.4   2.7  51.0     5     WSW

Max >=  30.0:  0
Max <=  20.0: 29
Min <=  10.0: 22
Min <=   4.0:  4
Max Rain: 257.6 on day 5
Days of Rain: 13 (>= 0.2 mm)  7 (>= 2.0 mm)  3 (>= 20.0 mm)
Heat Base: 24.0  Cool Base: 18.3  Method: Integration
:now::gauges::today::yesterday::this month::this year::records::trends::forum:


Page updated 23/03/2012 9:30:00 PM
powered by Cumulus v1.9.2 (1032)