Leumeah NSW weather

 Latitude S 34° 03' 26"    Longitude E 150° 49' 44"    Elevation 74 m

Leumeah weather

NOAA Style Reports

Select a Year or Month report

Report for 2016 Aug
                   Monthly Climatological Summary for Aug 2016

Name: Blazingcomet   City: Leumeah   State: NSW
Elevation: 74 m  Lat: S 34 03' 26"   Lon: E 150 49' 44"

                  Temperature (C), Rain (mm), Wind Speed (km/h)

                                      Heat  Cool        Avg
    Mean                              Deg   Deg         Wind                 Dom
Day Temp  High   Time   Low    Time   Days  Days  Rain  Speed High   Time    Dir
----------------------------------------------------------------------------------
 1  11.5  15.7   13:34   8.2   04:08  12.5   0.0   0.2   0.1   7.0   08:13    SW
 2  10.1  13.7   11:48   8.9   18:44  13.9   0.0  16.8   2.1  26.0   11:55    SW
 3  11.5  14.3   13:34   8.5   06:30  12.5   0.0   1.6   7.1  40.0   16:38   SSW
 4  11.2  15.7   12:02   9.2   23:40  12.8   0.0   5.8   5.8  40.0   12:06   SSW
 5  11.1  15.5   12:15   7.1   05:53  12.9   0.0   1.0   2.8  21.0   11:45   SSW
 6  10.8  15.4   11:06   5.7   02:57  13.1   0.0   0.0   1.2  15.0   07:41   ESE
 7  11.8  17.7   12:47   8.1   02:23  12.2   0.0   3.6   1.2  16.0   14:30    SE
 8  11.0  18.8   14:37   5.8   06:22  13.0   0.0   0.2   0.9  12.0   09:46    SW
 9  11.0  18.0   12:42   3.8   06:33  13.0   0.0   0.0   0.5  11.0   14:49     W
10  15.9  24.9   15:32   7.4   06:52   8.2   1.5   0.0   1.2  21.0   13:35    NW
11  12.6  17.8   13:38   4.9   23:58  11.4   0.0   0.0   4.4  36.0   13:21   WSW
12   9.8  18.1   14:30   2.3   05:51  14.1   0.0   0.0   1.1  20.0   20:07     W
13  11.8  19.1   14:27   5.2   02:54  12.7   0.0   0.0   3.7  31.0   10:59   WSW
14   8.9  12.5   18:34   7.2   23:59   3.2   0.0   0.0   2.0  24.0   08:16   SSE
15  12.0  20.5   14:47   4.3   06:02  12.0   0.3   0.0   0.9  12.0   09:47   NNW
16  13.3  23.0   16:04   5.3   06:52  10.7   0.8   0.2   0.5  12.0   17:06     N
17  14.0  23.4   15:10   5.0   06:33  10.0   1.0   0.0   1.3  24.0   14:02   WSW
18  14.2  23.1   14:11   6.5   05:49   9.8   1.0   0.0   0.9  18.0   16:49   ENE
19  14.2  23.0   13:56   5.6   06:35   9.8   0.8   1.0   1.6  44.0   23:10   NNW
20  11.5  16.0   13:23   6.6   06:46  12.5   0.0   0.2   5.3  40.0   14:59     W
21  11.2  19.0   15:39   2.6   06:36  12.8   0.0   0.0   2.2  29.0   11:05   WSW
22   9.3  14.6   11:18   5.5   01:57  14.7   0.0   2.8   0.5  15.0   14:13     W
23  11.0  16.8   12:56   4.1   06:20  13.0   0.0   0.2   2.1  21.0   11:29   SSW
24  10.7  12.7   10:58   8.3   23:37  13.3   0.0  30.6   2.6  26.0   22:40    SW
25  11.2  16.6   14:33   7.9   23:49  12.8   0.0   0.4   4.7  33.0   11:01   WSW
26  10.0  16.4   12:57   2.6   05:50  14.0   0.0   0.0   3.0  26.0   09:29   SSW
27  11.4  19.3   15:11   5.0   04:22  12.6   0.1   0.0   1.4  15.0   00:17   WSW
28  11.1  19.1   12:39   4.2   03:58  12.9   0.0   0.0   2.9  33.0   14:19   WSW
29  11.0  18.6   13:10   4.3   03:23  13.0   0.0   0.0   0.6  11.0   13:04   NNW
30  14.0  21.7   15:40   7.6   06:20  10.0   0.4   0.0   0.9  12.0   13:22   ENE
31  15.8  23.5   12:00  10.3   23:58   8.2   1.0   0.0   1.3  29.0   14:53   WNW
----------------------------------------------------------------------------------
    11.8  24.9    10     2.3    12   367.6   6.9  64.6   2.2  44.0    19      SW

Max >=  30.0:  0
Max <=  20.0: 23
Min <=  10.0: 30
Min <=   4.0:  4
Max Rain: 30.6 on day 24
Days of Rain: 14 (>= 0.2 mm)  5 (>= 2.0 mm)  1 (>= 20.0 mm)
Heat Base: 24.0  Cool Base: 18.3  Method: Integration
:now::gauges::today::yesterday::this month::this year::records::trends::forum:


Page updated 23/03/2012 9:30:00 PM
powered by Cumulus v1.9.2 (1032)