Leumeah NSW weather

 Latitude S 34° 03' 26"    Longitude E 150° 49' 44"    Elevation 74 m

Leumeah weather

NOAA Style Reports

Select a Year or Month report

Report for 2016 Dec
                   Monthly Climatological Summary for Dec 2016

Name: Blazingcomet   City: Leumeah   State: NSW
Elevation: 74 m  Lat: S 34 03' 26"   Lon: E 150 49' 44"

                  Temperature (C), Rain (mm), Wind Speed (km/h)

                                      Heat  Cool        Avg
    Mean                              Deg   Deg         Wind                 Dom
Day Temp  High   Time   Low    Time   Days  Days  Rain  Speed High   Time    Dir
----------------------------------------------------------------------------------
 1  22.5  32.3   12:50  15.6   05:54   3.2   4.9   1.8   2.2  26.0   17:16     E
 2  24.9  35.4   13:04  14.8   05:18   2.6   7.2   0.0   4.6  40.0   13:57   WSW
 3  21.9  28.6   12:22  19.2   21:54   2.4   3.6   0.0   4.8  29.0   13:56   ESE
 4  23.0  31.2   12:35  15.8   05:49   2.4   4.9   0.0   3.5  26.0   16:27     E
 5  24.0  31.4   13:48  20.3   23:07   1.3   5.7   9.0   2.3  58.0   14:44    SE
 6  21.3  25.3   11:22  18.6   23:44   2.7   3.0   9.6   0.4  11.0   07:07    SE
 7  20.6  25.9   11:02  16.0   05:29   3.5   2.7   2.4   4.0  31.0   12:29     E
 8  24.9  33.1   13:46  17.5   06:02   1.8   6.6   0.0   4.6  47.0   23:55     E
 9  20.0  25.8   16:56  14.8   23:56   4.2   2.1   0.0  11.2  45.0   08:55   WSW
10  19.1  25.0   12:04  12.7   05:48   4.9   2.2   0.0   4.4  33.0   16:29     E
11  21.9  28.0   12:38  17.4   06:03   2.7   3.6   0.0   4.1  33.0   15:00     E
12  23.2  30.5   13:31  16.0   05:16   2.3   5.1   0.0   3.8  29.0   17:10     E
13  28.1  38.0   15:06  17.3   05:39   1.7   9.8   0.0   3.0  33.0   15:27     W
14  25.8  33.7   11:41  19.1   23:54   1.6   7.5   0.2   5.7  42.0   13:23   WSW
15  16.6  19.2   00:00  15.5   21:59   7.4   0.0   6.2   2.1  20.0   09:05    SE
16  17.8  20.2   17:17  15.5   00:01   6.2   0.5  28.0   0.1   6.0   04:45   WSW
17  25.1  32.7   17:08  18.4   06:05   2.0   6.8   0.0   5.3  35.0   17:23   WSW
18  17.5  20.1   12:35  15.3   22:46   6.5   0.2   0.0   5.1  29.0   00:13   SSE
19  18.6  24.0   16:35  14.2   03:11   5.4   1.5   0.0   3.7  35.0   14:43     E
20  23.4  36.5   15:27  12.4   05:16   3.8   6.6   0.2   2.1  53.0   18:21   WNW
21  20.9  29.1   12:02  15.6   05:05   3.5   2.9   0.0   4.6  33.0   13:36   ESE
22  20.0  23.2   13:47  18.2   03:54   4.0   1.7   0.0   3.9  24.0   15:10     E
23  21.8  25.8   15:07  18.5   05:34   2.5   3.5   0.0   4.0  29.0   16:35     E
24  21.6  30.0   12:58  16.4   04:28   3.4   3.7   3.0   1.8  18.0   16:34     E
25  22.5  28.9   14:16  16.0   03:01   2.8   4.7   0.2   3.8  29.0   17:07     E
26  24.1  34.3   14:27  17.3   06:01   1.9   5.8   3.4   2.8  27.0   14:42     E
27  23.9  29.5   12:28  18.7   04:55   1.7   5.6   0.0   4.4  27.0   12:39     E
28  25.0  33.8   14:09  18.1   05:35   1.5   6.6   0.0   2.1  35.0   17:15     E
29  28.0  37.8   15:31  21.2   05:26   0.5   9.7   0.0   2.3  29.0   13:50     S
30  27.3  34.8   15:26  22.4   06:42   0.1   9.0   1.0   1.3  29.0   15:25   WNW
31  25.2  30.5   10:07  21.9   23:44   0.5   6.9   0.2   4.5  35.0   16:07   ESE
----------------------------------------------------------------------------------
    22.6  38.0    13    12.4    20    91.0 144.6  65.2   3.6  58.0     5     ESE

Max >=  30.0: 16
Max <=  20.0:  1
Min <=  10.0:  0
Min <=   4.0:  0
Max Rain: 28.0 on day 16
Days of Rain: 13 (>= 0.2 mm)  7 (>= 2.0 mm)  1 (>= 20.0 mm)
Heat Base: 24.0  Cool Base: 18.3  Method: Integration
:now::gauges::today::yesterday::this month::this year::records::trends::forum:


Page updated 23/03/2012 9:30:00 PM
powered by Cumulus v1.9.2 (1032)