Leumeah NSW weather

 Latitude S 34° 03' 26"    Longitude E 150° 49' 44"    Elevation 74 m

Leumeah weather

NOAA Style Reports

Select a Year or Month report
V/Λ2018 > Jan Feb Mar Apr May Jun Jul Aug Sep Oct Nov Dec
V/Λ2017 > Jan Feb Mar Apr May Jun Jul Aug Sep Oct Nov Dec
V/Λ2016 > Jan Feb Mar Apr May Jun Jul Aug Sep Oct Nov Dec
V/Λ2015 > Jan Feb Mar Apr May Jun Jul Aug Sep Oct Nov Dec
V/Λ2014 > Jan Feb Mar Apr May Jun Jul Aug Sep Oct Nov Dec
V/Λ2013 > Jan Feb Mar Apr May Jun Jul Aug Sep Oct Nov Dec
V/Λ2012 > Jan Feb Mar Apr May Jun Jul Aug Sep Oct Nov Dec
V/Λ2011 > Jan Feb Mar Apr May Jun Jul Aug Sep Oct Nov Dec

Report for 2017 Feb
                   Monthly Climatological Summary for Feb 2017

Name: Blazingcomet   City: Leumeah   State: NSW
Elevation: 74 m  Lat: S 34 03' 26"   Lon: E 150 49' 44"

                  Temperature (C), Rain (mm), Wind Speed (km/h)

                                      Heat  Cool        Avg
    Mean                              Deg   Deg         Wind                 Dom
Day Temp  High   Time   Low    Time   Days  Days  Rain  Speed High   Time    Dir
----------------------------------------------------------------------------------
 1  21.1  23.9   17:20  19.7   06:34   2.9   2.8   2.2   0.6  16.0   00:17   SSE
 2  22.1  25.9   14:14  19.4   07:10   2.1   3.8   0.0   2.2  24.0   09:39   ESE
 3  22.5  27.1   15:51  19.2   03:56   1.9   4.2   0.0   0.1  11.0   00:54     E
 4  26.4  34.3   15:26  20.8   06:19   0.7   8.1   0.0   1.4  21.0   13:16     E
 5  30.4  39.7   16:13  22.4   03:44   0.3  12.1   0.0   0.4  24.0   12:49   WNW
 6  27.8  34.6   12:20  22.4   23:46   0.2   9.4   0.0   3.6  33.0   17:42    SE
 7  22.3  25.5   18:32  19.9   23:36   1.8   4.0  13.2   3.9  27.0   19:40   SSW
 8  22.2  24.8   13:48  20.0   00:00   1.8   3.9  21.0   6.5  31.0   12:36     E
 9  26.0  35.3   17:11  20.0   03:59   1.2   7.8   0.6   1.8  29.0   16:22    NE
10  30.0  43.1   16:58  20.3   06:18   0.9  11.7   0.0   3.4  33.0   14:19   WSW
11  30.5  44.8   17:22  21.1   06:18   0.5  12.2   0.0   3.0  33.0   22:56   SSW
12  25.0  34.2   12:09  20.0   23:34   0.9   6.7   0.0   4.3  44.0   15:35    SE
13  20.8  28.2   14:32  12.8   06:53   3.7   3.2   0.0   3.4  29.0   15:07   ESE
14  20.1  23.1   13:52  16.6   06:56   3.9   1.8   0.0   4.9  35.0   12:45    SE
15  21.5  28.2   14:52  16.7   04:22   3.1   3.5   0.0   3.1  38.0   16:51     E
16  25.2  36.0   15:04  16.2   06:42   2.4   7.2   0.0   2.8  31.0   16:52     E
17  24.3  36.8   12:54  18.6   06:33   1.6   6.0   2.2   1.5  51.0   14:31   ENE
18  22.9  28.9   13:13  19.6   23:15   1.9   4.5   2.0   4.6  31.0   13:26   ESE
19  20.5  28.0   14:58  16.6   21:26   3.9   2.6   0.2   4.3  44.0   20:20   SSE
20  20.4  26.9   17:16  15.3   06:55   4.0   2.8   0.0   6.3  33.0   05:23   WSW
21  20.5  27.5   14:30  13.9   05:56   3.8   3.4   0.0   3.8  27.0   17:33     E
22  22.6  30.2   13:44  15.4   06:41   2.8   4.8   0.0   4.1  35.0   17:17   ENE
23  24.1  34.7   14:26  16.4   06:56   2.3   6.0   0.0   2.9  26.0   17:00     E
24  22.3  27.8   15:50  17.7   04:11   2.4   4.1   1.6   3.2  26.0   14:19   ESE
25  19.7  21.0   14:33  18.6   06:59   4.3   1.4   0.0   4.7  27.0   08:32     S
26  19.8  23.7   17:30  16.6   06:19   4.2   1.8  49.8   3.5  35.0   18:43   SSE
27  20.7  25.3   13:26  16.3   04:38   3.5   2.7   2.8   3.7  31.0   14:23    SE
28  20.9  26.2   15:17  17.6   05:47   3.2   2.7   5.2   3.0  27.0   12:05     E
----------------------------------------------------------------------------------
    23.3  44.8    11    12.8    13    66.2 145.2 100.8   3.3  51.0    17      SE

Max >=  30.0: 11
Max <=  20.0:  0
Min <=  10.0:  0
Min <=   4.0:  0
Max Rain: 49.8 on day 26
Days of Rain: 11 (>= 0.2 mm)  8 (>= 2.0 mm)  2 (>= 20.0 mm)
Heat Base: 24.0  Cool Base: 18.3  Method: Integration
:now::gauges::today::yesterday::this month::this year::records::trends::forum:


Page updated 23/03/2012 9:30:00 PM
powered by Cumulus v1.9.2 (1032)