Leumeah NSW weather

 Latitude S 34° 03' 26"    Longitude E 150° 49' 44"    Elevation 74 m

Leumeah weather

NOAA Style Reports

Select a Year or Month report
V/Λ2018 > Jan Feb Mar Apr May Jun Jul Aug Sep Oct Nov Dec
V/Λ2017 > Jan Feb Mar Apr May Jun Jul Aug Sep Oct Nov Dec
V/Λ2016 > Jan Feb Mar Apr May Jun Jul Aug Sep Oct Nov Dec
V/Λ2015 > Jan Feb Mar Apr May Jun Jul Aug Sep Oct Nov Dec
V/Λ2014 > Jan Feb Mar Apr May Jun Jul Aug Sep Oct Nov Dec
V/Λ2013 > Jan Feb Mar Apr May Jun Jul Aug Sep Oct Nov Dec
V/Λ2012 > Jan Feb Mar Apr May Jun Jul Aug Sep Oct Nov Dec
V/Λ2011 > Jan Feb Mar Apr May Jun Jul Aug Sep Oct Nov Dec

Report for 2017 Mar
                   Monthly Climatological Summary for Mar 2017

Name: Blazingcomet   City: Leumeah   State: NSW
Elevation: 74 m  Lat: S 34 03' 26"   Lon: E 150 49' 44"

                  Temperature (C), Rain (mm), Wind Speed (km/h)

                                      Heat  Cool        Avg
    Mean                              Deg   Deg         Wind                 Dom
Day Temp  High   Time   Low    Time   Days  Days  Rain  Speed High   Time    Dir
----------------------------------------------------------------------------------
 1  21.7  26.4   13:22  18.6   04:32   2.6   3.4  17.0   2.3  31.0   14:04   ESE
 2  21.5  26.5   11:01  18.8   07:17   2.6   3.2   9.4   1.4  20.0   15:18   ESE
 3  20.1  22.6   13:52  19.3   03:42   3.9   1.8  55.6   0.7  27.0   14:22    SE
 4  20.1  23.0   13:19  18.0   05:54   3.9   1.8  18.4   3.0  31.0   14:16   SSW
 5  20.5  23.9   16:47  18.1   07:28   3.5   2.2   4.0   4.7  35.0   16:29    SW
 6  20.5  25.3   14:36  16.7   23:53   3.6   2.4   0.0   6.6  42.0   11:56   SSW
 7  18.7  23.0   13:35  15.8   06:10   5.3   1.3   1.0   6.4  38.0   10:31     S
 8  17.5  21.6   12:02  14.9   07:01   6.5   0.6   4.0   3.5  29.0   11:52     S
 9  19.0  23.1   14:12  16.1   00:00   5.0   1.3   0.0   3.5  31.0   16:01     S
10  19.6  25.1   13:39  15.7   06:41   4.5   2.1   0.0   4.6  31.0   15:34     S
11  19.3  27.1   14:35  13.1   06:58   4.9   2.4   0.0   2.9  20.0   16:19    SE
12  20.8  30.4   15:11  13.2   07:14   4.2   3.9   0.0   2.4  26.0   17:43     E
13  22.6  29.2   13:41  17.8   05:39   2.2   4.3   0.0   5.1  40.0   18:29     E
14  21.5  23.9   12:35  20.2   20:30   2.5   3.2   8.0   3.8  26.0   12:55     E
15  21.2  24.3   14:30  18.9   04:07   2.8   2.9  24.2   5.1  38.0   12:20     E
16  21.3  24.1   15:20  19.2   23:54   2.7   3.0  30.4   3.4  29.0   07:36   ESE
17  19.7  21.0   12:03  17.8   21:07   4.3   1.4   2.0   8.0  44.0   12:25   SSW
18  20.8  23.9   13:00  17.8   00:19   3.2   2.5  15.2   6.1  35.0   02:37    SE
19  22.8  25.8   16:59  20.2   00:00   1.4   4.5   9.4   6.8  29.0   13:33     E
20  23.8  27.9   13:52  21.0   06:51   1.1   5.5   0.0   2.3  21.0   16:56     E
21  22.7  27.0   13:54  21.4   02:36   1.6   4.4  28.6   0.3  16.0   16:23   SSW
22  22.3  31.9   14:36  19.3   21:19   2.6   4.0  14.6   1.0  36.0   16:35     S
23  19.8  22.3   11:40  17.8   23:53   4.2   1.5   5.4   1.4  18.0   01:51    SW
24  19.5  24.0   13:36  17.1   04:49   4.5   1.6   0.8   2.3  24.0   13:16   SSE
25  20.1  24.5   13:16  17.2   07:34   3.9   2.0   0.0   0.3  16.0   13:21     N
26  22.4  26.2   12:05  15.7   07:05   2.7   4.5   0.2   0.3   9.0   08:33    SW
27  25.8  30.2   16:33  21.0   23:33   0.4   7.5   0.0   1.0  20.0   17:41   ENE
28  21.1  23.4   12:19  19.0   07:20   2.9   2.8   0.0   1.6  18.0   06:03    SE
29  24.0  32.6   16:38  19.9   07:20   1.8   5.7   0.0   0.5  12.0   17:18   ESE
30  19.0  23.4   00:57  14.1   23:58   5.0   1.9  32.4   3.7  40.0   15:53   SSW
31  17.1  22.1   14:25  12.7   06:59   6.9   0.9   0.0   4.9  29.0   13:45   SSW
----------------------------------------------------------------------------------
    20.9  32.6    29    12.7    31   107.2  90.5 280.6   3.2  44.0    17     SSE

Max >=  30.0:  4
Max <=  20.0:  0
Min <=  10.0:  0
Min <=   4.0:  0
Max Rain: 55.6 on day 3
Days of Rain: 19 (>= 0.2 mm)  16 (>= 2.0 mm)  5 (>= 20.0 mm)
Heat Base: 24.0  Cool Base: 18.3  Method: Integration
:now::gauges::today::yesterday::this month::this year::records::trends::forum:


Page updated 23/03/2012 9:30:00 PM
powered by Cumulus v1.9.2 (1032)