Leumeah NSW weather

 Latitude S 34° 03' 26"    Longitude E 150° 49' 44"    Elevation 74 m

Leumeah weather

NOAA Style Reports

Select a Year or Month report

Report for 2017 Apr
                   Monthly Climatological Summary for Apr 2017

Name: Blazingcomet   City: Leumeah   State: NSW
Elevation: 74 m  Lat: S 34 03' 26"   Lon: E 150 49' 44"

                  Temperature (C), Rain (mm), Wind Speed (km/h)

                                      Heat  Cool        Avg
    Mean                              Deg   Deg         Wind                 Dom
Day Temp  High   Time   Low    Time   Days  Days  Rain  Speed High   Time    Dir
----------------------------------------------------------------------------------
 1  17.4  24.6   15:09  11.6   07:05   6.6   1.4   0.0   1.9  20.0   16:57     S
 2  17.1  21.3   14:01  14.3   23:23   7.2   0.5   0.0   5.7  33.0   15:37     S
 3  15.0  20.2   15:08  13.0   23:59   9.0   0.1   8.8   3.4  31.0   15:38    SW
 4  15.1  19.5   10:09  11.3   05:31   8.9   0.0  11.4   1.9  24.0   11:52   SSW
 5  15.7  21.2   13:25  11.3   05:13   8.3   0.5   0.2   2.5  29.0   12:34   SSE
 6  15.4  22.6   14:16   9.3   06:14   8.6   0.8   0.2   1.5  21.0   15:22   ESE
 7  16.6  24.3   13:33  10.3   06:31   7.4   1.3   0.0   1.3  24.0   14:29     E
 8  17.5  25.3   15:26  10.5   06:12   6.7   1.7   0.0   0.9  20.0   16:30   ENE
 9  17.5  27.0   14:36  11.3   06:25   6.8   2.1   8.8   2.4  57.0   17:35     W
10  13.1  17.1   16:22   9.0   22:11  10.9   0.0   0.0   4.7  40.0   12:17   WSW
11  16.5  23.1   12:39   9.1   01:46   7.5   1.1   0.0   3.7  33.0   09:38    SW
12  16.4  21.0   11:32  12.1   05:26   7.6   0.5   0.0   3.1  26.0   12:30   SSW
13  16.8  21.7   11:44  12.1   06:45   7.2   0.7   0.0   2.0  20.0   08:44     S
14  16.3  24.7   14:10  10.7   06:15   7.7   1.2   0.0   1.5  21.0   15:17     S
15  16.5  24.3   13:31  10.5   06:34   7.5   1.1   0.0   1.5  21.0   15:19   ESE
16  16.7  24.9   14:06  10.4   06:36   7.4   1.2   0.2   1.7  24.0   12:35     S
17  17.0  23.7   13:27  11.8   02:09   7.0   1.1   0.0   1.2  16.0   16:13   ESE
18  18.2  25.5   13:44  13.6   06:38   5.8   1.4   0.0   1.2  21.0   15:14     E
19  17.3  22.7   12:23  11.7   06:14   6.7   1.1   0.0   2.2  24.0   12:30    SE
20  17.5  24.3   13:00  12.8   23:57   6.5   1.3   0.2   1.4  26.0   14:04     E
21  16.9  24.2   13:30  10.3   06:12   7.1   1.3   0.2   1.0  16.0   12:11     E
22  18.2  23.8   13:33  14.8   05:00   5.8   1.2   0.0   0.6   9.0   14:26     E
23  17.8  25.6   13:02  12.6   05:31   6.3   1.4   0.0   1.1  18.0   15:12    SE
24  18.0  24.5   14:33  12.7   05:14   6.0   1.4   0.0   1.0  18.0   16:22     E
25  18.6  24.5   13:00  15.3   05:51   5.4   1.3   0.0   0.3  20.0   13:33     W
26  15.4  22.6   11:41  11.0   06:28   8.6   0.7   0.8   2.4  51.0   14:10   WSW
27  13.6  18.7   13:27   8.6   05:21  10.4   0.0   0.0   3.4  24.0   13:09    SW
28  12.7  20.2   15:02   7.1   06:34  11.3   0.2   0.0   1.7  21.0   09:24    SW
29  13.7  22.4   14:38   6.3   04:49  10.3   0.5   0.0   1.2  20.0   16:19   SSW
30  15.4  21.7   12:01  10.5   02:14   8.6   0.6   0.0   1.1  16.0   11:11    SE
----------------------------------------------------------------------------------
    16.3  27.0     9     6.3    29   231.1  27.7  30.8   2.0  57.0     9       S

Max >=  30.0:  0
Max <=  20.0:  3
Min <=  10.0:  6
Min <=   4.0:  0
Max Rain: 11.4 on day 4
Days of Rain: 9 (>= 0.2 mm)  3 (>= 2.0 mm)  0 (>= 20.0 mm)
Heat Base: 24.0  Cool Base: 18.3  Method: Integration
:now::gauges::today::yesterday::this month::this year::records::trends::forum:


Page updated 23/03/2012 9:30:00 PM
powered by Cumulus v1.9.2 (1032)