Leumeah NSW weather

 Latitude S 34° 03' 26"    Longitude E 150° 49' 44"    Elevation 74 m

Leumeah weather

NOAA Style Reports

Select a Year or Month report
V/Λ2018 > Jan Feb Mar Apr May Jun Jul Aug Sep Oct Nov Dec
V/Λ2017 > Jan Feb Mar Apr May Jun Jul Aug Sep Oct Nov Dec
V/Λ2016 > Jan Feb Mar Apr May Jun Jul Aug Sep Oct Nov Dec
V/Λ2015 > Jan Feb Mar Apr May Jun Jul Aug Sep Oct Nov Dec
V/Λ2014 > Jan Feb Mar Apr May Jun Jul Aug Sep Oct Nov Dec
V/Λ2013 > Jan Feb Mar Apr May Jun Jul Aug Sep Oct Nov Dec
V/Λ2012 > Jan Feb Mar Apr May Jun Jul Aug Sep Oct Nov Dec
V/Λ2011 > Jan Feb Mar Apr May Jun Jul Aug Sep Oct Nov Dec

Report for 2017 May
                   Monthly Climatological Summary for May 2017

Name: Blazingcomet   City: Leumeah   State: NSW
Elevation: 74 m  Lat: S 34 03' 26"   Lon: E 150 49' 44"

                  Temperature (C), Rain (mm), Wind Speed (km/h)

                                      Heat  Cool        Avg
    Mean                              Deg   Deg         Wind                 Dom
Day Temp  High   Time   Low    Time   Days  Days  Rain  Speed High   Time    Dir
----------------------------------------------------------------------------------
 1  16.0  24.5   15:41   8.4   06:11   8.0   1.2   0.0   0.2  12.0   11:35   NNE
 2  15.7  21.5   12:34  10.3   06:16   8.3   0.6   0.0   3.0  33.0   14:53    SW
 3  14.1  17.8   13:17  10.9   05:54   9.9   0.0   0.8   2.9  24.0   09:58     S
 4  13.8  18.1   10:41   9.7   06:32  10.2   0.0   0.2   0.8  12.0   14:10   ESE
 5  14.7  22.2   15:13   8.9   06:43   9.3   0.6   0.0   0.9  20.0   15:44     E
 6  15.6  24.3   15:13   7.7   06:24   8.4   1.3   0.0   0.2  12.0   16:57    NW
 7  13.6  19.9   14:45   7.7   23:30  10.4   0.2   0.0   2.7  31.0   13:13   WSW
 8  10.9  18.6   13:49   5.1   06:21  13.1   0.0   0.0   1.2  18.0   14:41     S
 9  12.8  19.4   13:16   8.3   03:04  11.2   0.1   0.0   1.6  18.0   14:19     S
10  12.8  21.0   15:42   6.6   04:41  11.1   0.3   0.0   0.8  12.0   10:10   WSW
11  13.2  20.9   13:36   7.6   06:48  10.8   0.2   0.2   1.3  16.0   14:46   SSW
12  13.9  19.5   12:20   8.8   06:10  10.1   0.1   0.0   1.1  15.0   10:21   SSW
13  16.3  21.3   14:26  11.3   06:51   7.7   0.6   0.0   0.7  12.0   12:00   ENE
14  14.6  19.4   11:43  10.9   05:25   9.4   0.1   0.0   1.5  18.0   14:22   ESE
15  13.9  19.8   13:40  10.0   21:50  10.1   0.2   0.2   2.6  29.0   14:11    SW
16  12.2  20.1   14:46   6.5   04:38  11.8   0.2   0.0   1.5  21.0   12:22    SW
17  12.6  20.3   14:46   5.6   06:14  11.4   0.2   0.0   0.6  12.0   16:19     E
18  14.9  21.9   13:04   9.6   05:51   9.1   0.3   0.0   1.3  21.0   15:14     E
19  15.5  18.4   14:12  11.8   04:37   8.5   0.0   6.2   1.1  18.0   14:42     E
20  16.7  21.2   14:45  13.6   23:58   7.3   0.5   2.6   0.4  11.0   14:14     W
21  14.6  22.2   14:39   9.5   05:45   9.4   0.4   0.2   0.8  18.0   14:43    SE
22  14.8  21.4   14:08  10.6   04:48   9.2   0.4   0.2   0.9  21.0   15:12     E
23  15.7  22.5   15:00  11.3   23:57   8.3   0.8   0.0   0.2  12.0   13:22    NW
24  14.4  20.8   12:49  10.1   22:44   9.6   0.3   5.2   3.2  44.0   15:07   WSW
25  12.5  19.7   15:37   7.5   03:03  11.5   0.1   0.0   0.7  15.0   08:34    SW
26  12.0  19.1   14:35   6.1   06:16  12.0   0.0   0.0   1.4  21.0   10:20     S
27  13.4  20.3   14:00   9.0   04:38  10.6   0.3   0.2   0.5  11.0   08:58   WSW
28  13.4  22.2   15:03   6.3   06:59  10.6   0.5   0.4   1.1  40.0   15:46   WNW
29  10.9  15.9   13:38   4.6   23:45  13.1   0.0   0.0   3.4  35.0   10:20   WSW
30   9.3  17.0   14:17   1.2   06:38  14.7   0.0   0.0   3.1  31.0   16:40     W
31  10.8  14.7   14:03   5.9   23:53  13.2   0.0   0.0   3.4  35.0   10:30    SW
----------------------------------------------------------------------------------
    13.7  24.5     1     1.2    30   318.3   9.5  16.4   1.4  44.0    24      SW

Max >=  30.0:  0
Max <=  20.0: 14
Min <=  10.0: 22
Min <=   4.0:  1
Max Rain: 6.2 on day 19
Days of Rain: 11 (>= 0.2 mm)  3 (>= 2.0 mm)  0 (>= 20.0 mm)
Heat Base: 24.0  Cool Base: 18.3  Method: Integration
:now::gauges::today::yesterday::this month::this year::records::trends::forum:


Page updated 23/03/2012 9:30:00 PM
powered by Cumulus v1.9.2 (1032)