Leumeah NSW weather

 Latitude S 34° 03' 26"    Longitude E 150° 49' 44"    Elevation 74 m

Leumeah weather

NOAA Style Reports

Select a Year or Month report

Report for 2017 Jun
                   Monthly Climatological Summary for Jun 2017

Name: Blazingcomet   City: Leumeah   State: NSW
Elevation: 74 m  Lat: S 34 03' 26"   Lon: E 150 49' 44"

                  Temperature (C), Rain (mm), Wind Speed (km/h)

                                      Heat  Cool        Avg
    Mean                              Deg   Deg         Wind                 Dom
Day Temp  High   Time   Low    Time   Days  Days  Rain  Speed High   Time    Dir
----------------------------------------------------------------------------------
 1  10.4  16.7   12:56   5.4   07:13  13.6   0.0   0.0   3.2  27.0   08:55    SW
 2  11.5  16.9   12:27   5.5   06:50  12.5   0.0   0.0   3.0  27.0   10:52    SW
 3  12.3  17.2   12:31   7.5   02:11  11.7   0.0   0.0   2.5  29.0   11:28   SSW
 4  11.9  18.6   13:25   7.0   03:20  12.1   0.0   0.0   1.2  18.0   14:50   SSW
 5  10.8  17.7   14:29   6.1   06:56  13.2   0.0   0.2   0.5  12.0   10:27   WSW
 6   9.7  16.1   15:39   3.4   05:59  14.3   0.0  18.4   4.9  40.0   11:04   WSW
 7  11.7  14.2   15:07   8.7   00:00  12.3   0.0  16.2   5.2  35.0   06:53    SW
 8  13.0  17.2   12:49  10.0   23:24  11.0   0.0   6.2   2.6  24.0   12:55   SSW
 9  13.0  18.1   12:41   8.9   05:30  11.0   0.0  20.6   3.0  36.0   14:58     S
10  13.3  15.7   09:48  11.7   20:59  10.7   0.0  13.8   1.1  18.0   01:30     S
11  13.1  17.6   13:57   9.5   07:27  10.9   0.0   0.2   0.3   9.0   10:55   WSW
12  12.4  19.8   13:33   9.0   07:45  11.6   0.0   0.4   1.1  18.0   15:53     S
13  11.8  17.8   12:32   7.2   02:30  12.2   0.0   0.2   2.2  18.0   08:43     S
14  13.7  19.7   13:18   9.3   23:59  10.3   0.1   0.0   0.7  12.0   09:18   WSW
15  12.1  19.0   13:39   6.8   07:17  11.9   0.0   0.2   0.1   7.0   09:55     W
16  12.5  15.8   14:33   9.9   07:14  11.5   0.0   0.0   0.7  11.0   10:44   WSW
17  13.5  17.7   12:48  10.3   23:47  10.5   0.0   0.0   1.2  15.0   08:54   SSW
18  12.5  17.5   12:26   9.2   07:30  11.5   0.0   0.0   4.6  36.0   11:10   SSW
19  12.8  18.7   12:41   8.1   06:49  11.2   0.0   0.0   2.0  21.0   15:44     S
20  12.5  18.6   13:02   7.9   23:58  11.5   0.0   0.0   1.7  20.0   10:10    SW
21  10.6  17.8   12:22   3.3   07:20  13.4   0.0   0.2   1.8  24.0   13:13     S
22  11.2  17.7   14:31   6.2   06:58  12.8   0.0   0.0   1.0  18.0   09:35    SW
23   9.5  16.4   16:21   5.3   23:46  14.5   0.0   0.2   0.1   9.0   13:30     W
24   9.6  17.8   14:21   4.1   05:59  14.4   0.0   0.2   1.8  27.0   12:44     W
25   9.1  17.4   14:15   2.0   07:08  14.9   0.0   0.0   3.1  38.0   14:35     W
26   9.5  17.1   13:56   3.1   07:20  14.5   0.0   0.0   0.8  16.0   10:30   WSW
27   9.7  15.5   13:46   5.0   06:42  14.3   0.0   0.0   0.4   9.0   09:04     W
28  10.1  14.4   11:56   7.6   07:50  13.9   0.0   0.6   0.2   9.0   11:10   WSW
29  10.0  16.2   15:11   5.6   23:19  14.0   0.0   0.0   1.5  20.0   15:13   WSW
30   8.7  14.5   13:49   4.0   07:19  15.3   0.0   0.0   2.6  29.0   11:44    SW
----------------------------------------------------------------------------------
    11.4  19.8    12     2.0    25   377.5   0.1  77.6   1.8  40.0     6      SW

Max >=  30.0:  0
Max <=  20.0: 30
Min <=  10.0: 28
Min <=   4.0:  5
Max Rain: 20.6 on day 9
Days of Rain: 14 (>= 0.2 mm)  5 (>= 2.0 mm)  1 (>= 20.0 mm)
Heat Base: 24.0  Cool Base: 18.3  Method: Integration
:now::gauges::today::yesterday::this month::this year::records::trends::forum:


Page updated 23/03/2012 9:30:00 PM
powered by Cumulus v1.9.2 (1032)