Leumeah NSW weather

 Latitude S 34° 03' 26"    Longitude E 150° 49' 44"    Elevation 74 m

Leumeah weather

NOAA Style Reports

Select a Year or Month report
V/Λ2018 > Jan Feb Mar Apr May Jun Jul Aug Sep Oct Nov Dec
V/Λ2017 > Jan Feb Mar Apr May Jun Jul Aug Sep Oct Nov Dec
V/Λ2016 > Jan Feb Mar Apr May Jun Jul Aug Sep Oct Nov Dec
V/Λ2015 > Jan Feb Mar Apr May Jun Jul Aug Sep Oct Nov Dec
V/Λ2014 > Jan Feb Mar Apr May Jun Jul Aug Sep Oct Nov Dec
V/Λ2013 > Jan Feb Mar Apr May Jun Jul Aug Sep Oct Nov Dec
V/Λ2012 > Jan Feb Mar Apr May Jun Jul Aug Sep Oct Nov Dec
V/Λ2011 > Jan Feb Mar Apr May Jun Jul Aug Sep Oct Nov Dec

Report for 2017 Jul
                   Monthly Climatological Summary for Jul 2017

Name: Blazingcomet   City: Leumeah   State: NSW
Elevation: 74 m  Lat: S 34 03' 26"   Lon: E 150 49' 44"

                  Temperature (C), Rain (mm), Wind Speed (km/h)

                                      Heat  Cool        Avg
    Mean                              Deg   Deg         Wind                 Dom
Day Temp  High   Time   Low    Time   Days  Days  Rain  Speed High   Time    Dir
----------------------------------------------------------------------------------
 1   7.8  14.9   14:15   2.3   06:25  16.2   0.0   0.0   1.8  20.0   11:39    SW
 2   7.2  15.3   13:50   1.9   05:14  16.8   0.0   0.0   0.3  11.0   09:33     W
 3   6.6  12.8   12:36   0.8   06:23  17.4   0.0   0.4   0.1   6.0   12:10     E
 4  10.7  20.5   14:35   3.7   06:26  13.3   0.2   0.2   0.5  15.0   14:18     W
 5  11.4  18.7   13:54   4.5   07:23  12.6   0.0   0.0   2.0  44.0   18:15     W
 6   9.5  16.6   13:48   3.4   23:58  14.5   0.0   0.0   0.7  20.0   13:25   WSW
 7   7.8  17.5   13:52   0.8   06:38  16.2   0.0   0.0   0.5  21.0   15:28     W
 8   7.9  16.4   13:17   0.5   07:24  16.1   0.0   0.0   1.6  33.0   14:26     W
 9   8.3  16.3   15:32   0.8   06:26  15.7   0.0   0.0   2.4  29.0   10:58   WSW
10   7.7  16.2   13:59   0.7   07:05  16.3   0.0   0.0   2.1  27.0   11:23   WSW
11   9.1  17.1   12:32   1.6   06:55  14.9   0.0   0.0   2.1  24.0   14:26     S
12   9.3  15.9   12:01   3.7   05:48  14.6   0.0   0.0   0.7  16.0   10:35     S
13   9.7  16.6   13:33   4.7   04:23  14.3   0.0   0.0   0.1  11.0   13:37   WNW
14  10.3  18.2   14:11   2.2   05:55  13.7   0.0   0.0   0.2  26.0   18:00    NW
15  11.7  17.7   14:41   6.9   23:58  12.3   0.0   0.0   0.7  21.0   13:24   WSW
16   8.3  15.6   13:31   2.0   06:49  15.7   0.0   0.0   0.1  11.0   10:06     W
17   8.9  17.2   12:43   3.0   07:08  15.1   0.0   0.0   0.0  11.0   12:50   ESE
18  11.6  21.6   14:30   2.5   05:18  12.4   0.4   0.0   1.3  33.0   14:41   WNW
19  11.4  15.8   14:26   5.6   23:52  12.6   0.0   0.0   6.1  44.0   11:44   WSW
20   9.9  14.9   13:25   3.9   03:57  14.1   0.0   0.0   5.5  42.0   14:26   WSW
21   9.5  15.9   13:47   4.6   01:26  14.5   0.0   0.0   2.7  31.0   13:08    SW
22   7.9  18.0   15:51   0.7   07:26  16.1   0.0   0.0   0.3  11.0   11:49     W
23  10.4  21.4   16:05   0.6   03:36  13.6   0.3   0.0   1.3  31.0   11:30   WNW
24  11.9  19.0   14:30   4.3   07:09  12.1   0.1   0.0   2.8  29.0   10:50   WSW
25  10.0  20.2   15:14   2.0   06:54  14.0   0.2   0.0   1.1  24.0   15:55     W
26  14.5  19.1   12:20   5.2   01:40   9.5   0.1   0.0  11.0  57.0   13:40   WSW
27  10.5  17.4   13:51   4.6   06:05  13.5   0.0   0.0   0.9  16.0   09:38    NW
28  11.1  17.8   14:46   5.1   23:36  12.9   0.0   0.0   4.1  53.0   12:16   WSW
29  10.0  19.7   15:46   3.2   06:12  14.0   0.1   0.0   0.4   9.0   09:12   WNW
30  14.9  26.0   15:19   3.7   06:22   9.3   2.0   0.0   1.7  26.0   12:37     W
31  12.7  17.7   00:00   8.5   22:09  11.3   0.0  10.4   1.3  26.0   12:50    SW
----------------------------------------------------------------------------------
    10.0  26.0    30     0.5     8   435.6   3.4  11.0   1.8  57.0    26     WSW

Max >=  30.0:  0
Max <=  20.0: 26
Min <=  10.0: 31
Min <=   4.0: 21
Max Rain: 10.4 on day 31
Days of Rain: 3 (>= 0.2 mm)  1 (>= 2.0 mm)  0 (>= 20.0 mm)
Heat Base: 24.0  Cool Base: 18.3  Method: Integration
:now::gauges::today::yesterday::this month::this year::records::trends::forum:


Page updated 23/03/2012 9:30:00 PM
powered by Cumulus v1.9.2 (1032)