Leumeah NSW weather

 Latitude S 34° 03' 26"    Longitude E 150° 49' 44"    Elevation 74 m

Leumeah weather

NOAA Style Reports

Select a Year or Month report
V/Λ2018 > Jan Feb Mar Apr May Jun Jul Aug Sep Oct Nov Dec
V/Λ2017 > Jan Feb Mar Apr May Jun Jul Aug Sep Oct Nov Dec
V/Λ2016 > Jan Feb Mar Apr May Jun Jul Aug Sep Oct Nov Dec
V/Λ2015 > Jan Feb Mar Apr May Jun Jul Aug Sep Oct Nov Dec
V/Λ2014 > Jan Feb Mar Apr May Jun Jul Aug Sep Oct Nov Dec
V/Λ2013 > Jan Feb Mar Apr May Jun Jul Aug Sep Oct Nov Dec
V/Λ2012 > Jan Feb Mar Apr May Jun Jul Aug Sep Oct Nov Dec
V/Λ2011 > Jan Feb Mar Apr May Jun Jul Aug Sep Oct Nov Dec

Report for 2017 Oct
                   Monthly Climatological Summary for Oct 2017

Name: Blazingcomet   City: Leumeah   State: NSW
Elevation: 74 m  Lat: S 34 03' 26"   Lon: E 150 49' 44"

                  Temperature (C), Rain (mm), Wind Speed (km/h)

                                      Heat  Cool        Avg
    Mean                              Deg   Deg         Wind                 Dom
Day Temp  High   Time   Low    Time   Days  Days  Rain  Speed High   Time    Dir
----------------------------------------------------------------------------------
 1  14.4  23.9   13:59   5.8   06:46   9.2   0.9   0.0   2.5  29.0   15:43     E
 2  16.2  23.3   14:48   8.6   06:02   7.8   1.4   0.0   3.3  31.0   17:59     E
 3  18.0  24.9   12:33  11.8   06:25   6.0   1.6   0.0   1.0  24.0   17:45   ENE
 4  17.7  24.3   12:24  11.4   06:30   6.3   1.5   0.0   2.4  26.0   14:33     E
 5  20.7  30.3   14:57  12.8   06:47   4.3   3.6   0.0   1.4  24.0   17:46   ENE
 6  18.2  21.9   13:48  14.2   23:54   5.8   0.7   0.0   4.0  27.0   17:03    SE
 7  15.1  21.0   13:43   9.1   06:41   8.9   0.3   0.0   2.5  29.0   15:33    SE
 8  16.1  20.7   12:14  10.4   06:43   7.9   0.6   0.0   0.3  11.0   10:44   NNW
 9  21.9  31.7   15:19  14.6   02:11   4.2   4.8   0.2   4.2  45.0   14:09   WSW
10  17.8  21.9   13:37  14.6   05:59   6.2   0.7   0.0   3.3  24.0   13:54     E
11  19.7  25.6   16:46  16.9   08:28   4.4   1.7   0.6   1.2  20.0   14:43     E
12  21.2  26.9   15:54  13.9   23:50   3.4   3.4   0.6   5.7  44.0   11:18   WSW
13  18.0  26.6   15:10  10.5   06:20   6.2   2.1   0.0   2.6  33.0   16:08     E
14  16.3  18.2   12:09  15.2   22:04   7.7   0.0   0.0   6.5  35.0   04:33   SSE
15  17.3  21.3   12:24  14.0   06:03   6.7   0.7   0.0   3.4  24.0   14:36     E
16  17.7  24.5   13:31  12.7   04:43   6.3   1.5   0.0   3.3  26.0   13:38     E
17  18.5  25.8   13:31  13.0   00:11   5.6   1.8   0.0   3.0  35.0   15:27   ENE
18  19.0  25.1   12:53  12.8   05:51   5.0   1.9   0.0   4.1  38.0   15:24   ENE
19  21.0  30.4   14:57  12.7   06:07   4.1   3.9   0.0   2.7  27.0   15:41   ENE
20  16.1  20.0   01:24  13.7   17:15   7.9   0.2  18.4   2.4  31.0   14:45     S
21  14.6  19.2   12:54   9.9   06:34   9.4   0.0   0.0   4.0  26.0   13:07   SSE
22  15.7  22.6   13:00  12.0   06:35   8.3   0.5   0.8   2.2  24.0   14:31   ESE
23  15.8  23.6   14:04   9.9   05:17   8.2   0.8   0.2   2.7  26.0   17:08   ESE
24  19.2  30.0   17:05   9.6   05:44   5.8   3.5   0.0   1.9  24.0   13:57   ENE
25  21.7  31.4   14:19  14.9   04:45   4.0   4.2   0.0   2.8  33.0   20:10   SSW
26  18.5  23.0   13:19  14.0   23:46   5.5   1.1  25.2   4.5  33.0   23:26    SE
27  18.5  24.4   14:37  13.9   00:12   5.5   1.5   5.6   6.2  45.0   09:52     S
28  21.4  28.8   16:37  15.1   06:09   3.6   3.8   0.0   1.3  18.0   11:00     N
29  24.2  32.3   16:50  16.9   06:16   2.4   6.0   0.0   2.2  26.0   16:25   NNW
30  22.9  34.7   13:26  14.5   05:44   3.8   5.4   0.0   6.0  49.0   16:26   WSW
31  15.4  20.6   14:12  11.1   06:20   8.6   0.3   0.0   7.5  40.0   09:39   SSW
----------------------------------------------------------------------------------
    18.3  34.7    30     5.8     1   189.0  60.4  51.6   3.3  49.0    30      SE

Max >=  30.0:  7
Max <=  20.0:  3
Min <=  10.0:  6
Min <=   4.0:  0
Max Rain: 25.2 on day 26
Days of Rain: 8 (>= 0.2 mm)  3 (>= 2.0 mm)  1 (>= 20.0 mm)
Heat Base: 24.0  Cool Base: 18.3  Method: Integration
:now::gauges::today::yesterday::this month::this year::records::trends::forum:


Page updated 23/03/2012 9:30:00 PM
powered by Cumulus v1.9.2 (1032)