Leumeah NSW weather

 Latitude S 34° 03' 26"    Longitude E 150° 49' 44"    Elevation 74 m

Leumeah weather

NOAA Style Reports

Select a Year or Month report
V/Λ2018 > Jan Feb Mar Apr May Jun Jul Aug Sep Oct Nov Dec
V/Λ2017 > Jan Feb Mar Apr May Jun Jul Aug Sep Oct Nov Dec
V/Λ2016 > Jan Feb Mar Apr May Jun Jul Aug Sep Oct Nov Dec
V/Λ2015 > Jan Feb Mar Apr May Jun Jul Aug Sep Oct Nov Dec
V/Λ2014 > Jan Feb Mar Apr May Jun Jul Aug Sep Oct Nov Dec
V/Λ2013 > Jan Feb Mar Apr May Jun Jul Aug Sep Oct Nov Dec
V/Λ2012 > Jan Feb Mar Apr May Jun Jul Aug Sep Oct Nov Dec
V/Λ2011 > Jan Feb Mar Apr May Jun Jul Aug Sep Oct Nov Dec

Report for 2017 Dec
                   Monthly Climatological Summary for Dec 2017

Name: Blazingcomet   City: Leumeah   State: NSW
Elevation: 74 m  Lat: S 34 03' 26"   Lon: E 150 49' 44"

                  Temperature (C), Rain (mm), Wind Speed (km/h)

                                      Heat  Cool        Avg
    Mean                              Deg   Deg         Wind                 Dom
Day Temp  High   Time   Low    Time   Days  Days  Rain  Speed High   Time    Dir
----------------------------------------------------------------------------------
 1  24.3  32.5   12:47  18.5   01:59   1.8   6.0   0.0   4.0  36.0   16:15     E
 2  21.5  28.8   10:31  16.9   23:59   3.5   3.4  11.0   1.8  45.0   14:55     N
 3  21.0  27.0   15:45  14.5   05:56   3.7   3.5   0.2   4.3  35.0   13:15   WSW
 4  17.2  18.8   12:13  15.9   09:07   6.8   0.0  12.4   3.8  27.0   07:34   SSW
 5  19.0  24.1   13:00  15.0   05:25   5.0   1.5   0.6   6.3  38.0   12:46   SSW
 6  19.7  25.2   12:01  16.7   05:51   4.4   1.8   1.8   2.5  26.0   13:01   WSW
 7  22.9  31.9   16:02  12.5   05:30   3.4   5.7   0.0   2.4  33.0   11:27     W
 8  20.8  29.3   12:00  17.2   01:38   3.7   2.7   3.4   5.4  40.0   16:17    SE
 9  19.7  26.3   15:30  16.1   05:26   4.5   2.0   0.0   3.3  31.0   15:31   ESE
10  20.5  28.4   14:27  13.4   05:14   4.1   3.3   0.0   3.6  31.0   15:07     E
11  22.1  30.7   13:21  14.6   06:02   3.3   4.5   0.0   4.0  38.0   17:27     E
12  23.2  30.0   14:30  18.2   05:07   2.1   4.9   0.0   3.6  33.0   15:33     E
13  24.8  34.2   14:25  16.7   06:01   2.2   6.7   0.0   3.3  33.0   16:23     E
14  28.6  40.7   15:04  18.1   05:42   1.4  10.3   0.0   3.3  27.0   13:24   ENE
15  22.6  25.0   15:17  20.3   06:00   1.5   4.3   0.6   3.2  24.0   05:54     S
16  26.3  36.8   14:43  20.3   06:01   1.2   8.0   0.0   4.0  33.0   18:05     E
17  22.4  26.0   13:09  20.5   06:17   1.8   4.1   2.2   4.1  38.0   10:07    SE
18  25.2  33.6   13:53  20.9   05:52   1.0   7.0   0.0   2.8  27.0   15:39     E
19  27.7  39.3   13:59  20.3   05:27   0.9   9.4   0.0   2.6  26.0   15:31     E
20  27.2  38.7   13:08  20.6   23:49   0.6   8.9   6.2   3.4  40.0   15:41   SSE
21  20.9  23.4   11:36  19.3   04:53   3.1   2.6   0.0   4.9  29.0   12:16   ESE
22  21.8  26.8   15:21  19.0   00:39   2.5   3.5   7.4   3.4  29.0   18:03     E
23  24.5  36.4   15:18  16.6   05:31   2.4   6.5   0.0   3.0  36.0   18:21     E
24  24.9  36.8   12:32  17.8   05:56   2.1   6.6   0.0   3.5  36.0   13:23    SE
25  18.9  20.3   00:00  17.2   06:20   5.1   0.7   0.0   4.6  27.0   12:20   SSE
26  19.1  21.9   15:29  16.4   05:19   4.9   1.2   0.0   2.6  29.0   19:01     E
27  21.8  27.5   14:26  17.8   06:20   2.7   3.5   0.2   3.5  31.0   16:35     E
28  23.8  33.1   13:53  15.2   06:06   2.6   6.0   0.0   2.6  26.0   17:25     E
29  29.3  36.6   12:57  18.2   06:04   1.3  10.9   0.0   1.7  31.0   14:19    NE
30  25.7  35.0   15:56  20.6   23:41   1.0   7.4   1.8   4.0  35.0   15:10   SSW
31  22.0  26.0   15:38  18.4   03:28   2.2   3.7   0.2   5.9  38.0   15:11     E
----------------------------------------------------------------------------------
    22.9  40.7    14    12.5     7    86.8 150.6  48.0   3.6  45.0     2     ESE

Max >=  30.0: 15
Max <=  20.0:  1
Min <=  10.0:  0
Min <=   4.0:  0
Max Rain: 12.4 on day 4
Days of Rain: 13 (>= 0.2 mm)  6 (>= 2.0 mm)  0 (>= 20.0 mm)
Heat Base: 24.0  Cool Base: 18.3  Method: Integration
:now::gauges::today::yesterday::this month::this year::records::trends::forum:


Page updated 23/03/2012 9:30:00 PM
powered by Cumulus v1.9.2 (1032)