Leumeah NSW weather

 Latitude S 34° 03' 26"    Longitude E 150° 49' 44"    Elevation 74 m

Leumeah weather

NOAA Style Reports

Select a Year or Month report
V/Λ2018 > Jan Feb Mar Apr May Jun Jul Aug Sep Oct Nov Dec
V/Λ2017 > Jan Feb Mar Apr May Jun Jul Aug Sep Oct Nov Dec
V/Λ2016 > Jan Feb Mar Apr May Jun Jul Aug Sep Oct Nov Dec
V/Λ2015 > Jan Feb Mar Apr May Jun Jul Aug Sep Oct Nov Dec
V/Λ2014 > Jan Feb Mar Apr May Jun Jul Aug Sep Oct Nov Dec
V/Λ2013 > Jan Feb Mar Apr May Jun Jul Aug Sep Oct Nov Dec
V/Λ2012 > Jan Feb Mar Apr May Jun Jul Aug Sep Oct Nov Dec
V/Λ2011 > Jan Feb Mar Apr May Jun Jul Aug Sep Oct Nov Dec

Report for 2018 Jan
                   Monthly Climatological Summary for Jan 2018

Name: Blazingcomet   City: Leumeah   State: NSW
Elevation: 74 m  Lat: S 34 03' 26"   Lon: E 150 49' 44"

                  Temperature (C), Rain (mm), Wind Speed (km/h)

                                      Heat  Cool        Avg
    Mean                              Deg   Deg         Wind                 Dom
Day Temp  High   Time   Low    Time   Days  Days  Rain  Speed High   Time    Dir
----------------------------------------------------------------------------------
 1  23.2  30.2   11:02  18.0   06:07   1.8   4.9   0.0   4.4  35.0   12:18    SE
 2  22.5  30.2   13:59  16.3   06:08   2.6   4.3   3.4   2.5  29.0   16:23     E
 3  20.5  23.8   14:24  18.1   23:57   3.5   2.2   0.0   5.8  36.0   01:37   SSE
 4  20.1  24.6   16:11  16.6   23:57   3.9   2.0   0.0   3.5  24.0   14:37   ESE
 5  21.6  31.9   14:27  13.7   05:27   3.8   4.4   0.0   3.5  31.0   16:03     E
 6  25.8  36.3   14:09  16.5   06:02   2.1   7.7   0.0   3.0  35.0   17:42   ENE
 7  28.9  44.2   14:22  19.5   05:59   1.0  10.6   1.0   3.8  40.0   17:17    SE
 8  25.8  37.5   15:48  20.8   05:40   1.2   7.5   1.2   2.1  29.0   16:49   ESE
 9  23.3  30.8   17:03  19.9   21:10   1.9   5.0  17.4   2.5  53.0   18:47    NW
10  19.9  22.9   15:40  17.8   06:07   4.1   1.7   0.0   3.4  24.0   00:28    SE
11  21.1  26.0   15:30  16.7   04:50   3.0   3.0   0.0   2.6  21.0   14:06     E
12  24.6  31.7   16:17  18.7   05:32   1.5   6.3   0.0   3.4  40.0   22:25     E
13  24.7  32.8   12:48  17.5   23:53   1.2   6.5   0.0   6.6  58.0   14:07   WSW
14  18.5  23.4   14:50  13.0   06:20   5.5   1.2   1.0   9.7  49.0   10:20   SSW
15  19.7  26.3   14:49  14.2   05:44   4.5   2.4   0.0   7.9  40.0   12:43     S
16  19.2  23.0   14:50  15.6   23:58   4.8   1.3   0.0   7.9  40.0   13:24     S
17  19.4  25.5   17:25  14.0   05:36   4.7   2.4   0.0   4.4  31.0   16:12    SE
18  21.1  33.8   14:57  11.5   05:38   4.7   4.5   0.0   3.0  29.0   15:14     E
19  23.8  37.2   13:12  13.2   06:14   3.6   6.6   0.0   3.2  33.0   13:35     E
20  23.9  37.5   15:21  13.5   06:24   3.4   6.6   0.0   3.0  35.0   16:32     E
21  24.6  36.2   14:05  16.1   05:51   2.5   6.6   0.0   3.8  33.0   17:32     E
22  26.4  39.6   14:30  17.1   05:09   2.0   8.3   0.0   2.8  24.0   15:22     E
23  25.6  32.1   18:12  22.3   06:36   0.5   7.3   0.0   1.6  29.0   05:19     E
24  25.6  35.7   14:14  18.5   05:52   1.3   7.3   0.0   3.6  35.0   15:35     E
25  24.3  28.4   13:00  21.8   06:08   0.6   6.0   0.0   4.0  26.0   17:53     E
26  24.9  30.1   13:43  22.4   02:32   0.4   6.6   0.0   4.0  29.0   15:45     E
27  25.6  30.8   13:09  22.5   05:59   0.3   7.3   0.0   5.1  36.0   15:23     E
28  25.5  30.2   12:34  22.9   22:51   0.1   7.2   0.0   6.1  38.0   15:07     E
29  25.0  31.2   13:22  20.7   05:34   0.9   6.7   0.4   4.6  31.0   13:49     E
30  25.6  34.5   14:35  19.5   06:30   1.3   7.3   0.0   3.7  35.0   22:07   ESE
31  18.7  21.7   14:16  16.6   06:50   5.3   0.7   0.0   7.3  36.0   21:23     S
----------------------------------------------------------------------------------
    23.2  44.2     7    11.5    18    78.0 162.4  24.4   4.3  58.0    13      SE

Max >=  30.0: 21
Max <=  20.0:  0
Min <=  10.0:  0
Min <=   4.0:  0
Max Rain: 17.4 on day 9
Days of Rain: 6 (>= 0.2 mm)  2 (>= 2.0 mm)  0 (>= 20.0 mm)
Heat Base: 24.0  Cool Base: 18.3  Method: Integration
:now::gauges::today::yesterday::this month::this year::records::trends::forum:


Page updated 23/03/2012 9:30:00 PM
powered by Cumulus v1.9.2 (1032)