Leumeah NSW weather

 Latitude S 34° 03' 26"    Longitude E 150° 49' 44"    Elevation 74 m

Leumeah weather

NOAA Style Reports

Select a Year or Month report

Report for 2018 Feb
                   Monthly Climatological Summary for Feb 2018

Name: Blazingcomet   City: Leumeah   State: NSW
Elevation: 74 m  Lat: S 34 03' 26"   Lon: E 150 49' 44"

                  Temperature (C), Rain (mm), Wind Speed (km/h)

                                      Heat  Cool        Avg
    Mean                              Deg   Deg         Wind                 Dom
Day Temp  High   Time   Low    Time   Days  Days  Rain  Speed High   Time    Dir
----------------------------------------------------------------------------------
 1  18.6  23.0   13:21  15.9   06:04   5.4   1.1   0.0   6.2  29.0   04:08   SSE
 2  18.5  23.9   13:09  13.3   05:43   5.5   1.5   0.0   4.2  40.0   17:01    SE
 3  19.3  24.3   14:24  15.4   04:39   4.7   1.8   0.0   6.2  35.0   11:45   SSE
 4  20.0  25.4   14:49  13.9   06:18   4.2   2.6   0.0   4.6  29.0   15:59    SE
 5  20.6  29.4   13:36  13.7   06:25   4.1   3.4   0.0   3.2  33.0   15:56     E
 6  21.4  28.9   14:55  15.3   06:04   3.5   3.7   0.0   3.4  36.0   17:24     E
 7  22.7  29.6   13:22  16.7   06:17   2.6   4.5   0.0   3.6  31.0   14:57     E
 8  24.2  34.2   14:29  15.7   06:33   2.5   6.2   0.0   2.9  27.0   16:19   ENE
 9  24.1  33.6   13:38  19.5   03:58   1.8   5.8   3.4   3.2  45.0   17:02    SE
10  24.4  33.6   14:25  18.7   06:53   1.7   6.1   2.4   3.2  27.0   15:41     E
11  22.6  30.7   11:40  19.7   03:47   2.1   4.3   0.4   4.2  42.0   13:23    SE
12  23.6  31.7   13:52  18.5   05:47   1.7   5.4   0.0   4.1  40.0   15:55     E
13  23.8  28.4   13:45  19.5   05:34   1.2   5.5   0.0   5.5  33.0   15:22     E
14  27.8  37.4   16:17  20.5   23:46   1.1   9.5   0.0   5.4  53.0   22:32   WSW
15  23.8  31.9   14:44  18.8   06:41   1.9   5.5   0.0   2.8  33.0   16:21   ENE
16  22.0  31.1   15:21  15.3   06:39   3.1   4.1   0.0   3.5  36.0   17:39    SE
17  23.3  29.5   13:06  19.1   05:35   1.9   5.0   0.0   4.2  38.0   16:26   ENE
18  24.6  31.9   13:14  18.6   06:40   1.4   6.3   0.0   4.6  31.0   14:17     E
19  22.8  28.3   14:21  19.0   23:42   1.9   4.5  11.4   4.0  35.0   15:44   ESE
20  18.7  22.3   12:09  16.5   23:40   5.3   0.8  11.2   5.1  33.0   00:33   SSE
21  19.4  24.5   15:01  15.2   05:37   4.6   1.9   0.0   2.9  26.0   15:16   ESE
22  20.7  26.5   16:25  15.8   06:36   3.7   3.0   0.0   2.2  26.0   18:02     E
23  22.2  29.3   12:37  15.3   06:47   2.9   4.5   0.0   3.7  29.0   15:35     E
24  25.0  35.3   13:44  17.8   05:48   1.7   6.7   0.2   1.5  26.0   14:48   ENE
25  19.6  23.6   00:00  16.4   19:43   4.4   1.7  30.0   2.7  40.0   08:24     S
26  17.5  20.3   12:29  15.8   07:54   6.5   0.3   6.2   4.1  38.0   15:29     S
27  18.9  24.6   13:20  13.9   03:44   5.1   1.9   0.0   2.3  21.0   13:15   ESE
28  22.3  33.4   17:07  12.5   06:39   3.9   5.4   0.0   1.1  16.0   18:24   ENE
----------------------------------------------------------------------------------
    21.9  37.4    14    12.5    28    90.4 113.0  65.2   3.7  53.0    14     ESE

Max >=  30.0: 11
Max <=  20.0:  0
Min <=  10.0:  0
Min <=   4.0:  0
Max Rain: 30.0 on day 25
Days of Rain: 8 (>= 0.2 mm)  6 (>= 2.0 mm)  1 (>= 20.0 mm)
Heat Base: 24.0  Cool Base: 18.3  Method: Integration
:now::gauges::today::yesterday::this month::this year::records::trends::forum:


Page updated 23/03/2012 9:30:00 PM
powered by Cumulus v1.9.2 (1032)