Leumeah NSW weather

 Latitude S 34° 03' 26"    Longitude E 150° 49' 44"    Elevation 74 m

Leumeah weather

NOAA Style Reports

Select a Year or Month report

Report for 2018 Apr
                   Monthly Climatological Summary for Apr 2018

Name: Blazingcomet   City: Leumeah   State: NSW
Elevation: 74 m  Lat: S 34 03' 26"   Lon: E 150 49' 44"

                  Temperature (C), Rain (mm), Wind Speed (km/h)

                                      Heat  Cool        Avg
    Mean                              Deg   Deg         Wind                 Dom
Day Temp  High   Time   Low    Time   Days  Days  Rain  Speed High   Time    Dir
----------------------------------------------------------------------------------
 1  23.2  33.9   15:54  15.4   06:01   2.9   5.6   0.0   1.3  20.0   16:21   ENE
 2  22.6  33.6   13:43  17.6   06:16   2.8   4.3   2.4   2.1  35.0   14:51    SE
 3  20.1  22.4   15:35  18.8   01:54   3.9   1.8   0.0   1.8  16.0   09:39   ESE
 4  20.6  24.6   14:46  17.7   05:53   3.4   2.3   0.0   2.1  26.0   15:43   ESE
 5  21.9  30.0   15:25  15.1   06:30   3.4   4.1   0.0   1.4  18.0   16:37   ENE
 6  20.8  28.4   12:47  14.8   06:01   3.9   3.2   0.0   2.0  24.0   14:06     E
 7  22.7  30.3   15:32  16.7   06:22   2.7   4.6   0.0   1.2  20.0   12:36   NNE
 8  21.6  29.9   14:08  15.1   06:40   3.5   3.8   0.0   1.3  20.0   15:38   ENE
 9  21.9  34.7   14:36  14.2   06:22   3.9   4.2   0.2   3.7  38.0   14:39     S
10  19.8  24.5   12:54  15.4   03:25   4.2   1.9   0.0   2.4  20.0   15:16     E
11  22.3  31.0   15:56  15.2   06:28   3.1   4.4   0.0   1.0  18.0   17:05    NE
12  24.3  33.8   14:00  15.1   05:46   2.8   6.6   0.0   1.2  21.0   12:41    NW
13  24.9  34.0   14:49  15.3   06:17   2.3   7.1   0.0   1.3  29.0   13:01   WNW
14  25.2  29.7   14:37  21.7   05:15   0.5   6.9   0.4   7.0  51.0   23:13   WNW
15  19.3  23.5   14:56  15.7   23:58   4.7   1.4   0.0   9.8  53.0   11:05     W
16  20.4  27.5   13:48  12.5   05:35   4.1   3.5   0.0   6.3  40.0   15:29     W
17  17.6  22.1   11:13  13.0   05:55   6.4   0.8   0.0   3.0  29.0   12:53    SE
18  17.4  22.1   12:46  13.7   05:08   6.6   0.8   0.0   1.2  18.0   11:14     E
19  18.4  26.5   14:10  11.5   05:36   5.8   2.2   0.0   0.8  12.0   14:07   ENE
20  18.5  25.7   12:35  13.6   06:36   5.7   1.9   0.0   2.1  21.0   13:57   ESE
21  17.6  23.0   13:40  13.0   06:18   6.4   0.9   0.0   1.8  18.0   15:39   SSE
22  17.3  23.3   12:04  12.2   06:29   6.7   1.1   0.0   1.7  20.0   15:05   ESE
23  17.8  25.9   13:40  12.0   06:35   6.3   1.7   0.2   1.7  20.0   13:49     E
24  17.7  25.7   13:25  11.8   06:38   6.4   1.7   0.0   1.6  21.0   15:09    SE
25  17.3  24.2   14:17  11.3   05:58   6.7   1.5   0.0   2.3  21.0   14:21   SSE
26  18.2  25.0   11:13  12.7   06:35   5.8   1.4   0.0   3.4  33.0   14:12     S
27  16.9  19.8   15:08  13.4   23:53   7.1   0.2   0.2   4.6  33.0   09:27     S
28  15.3  19.6   14:03  13.3   00:03   8.7   0.1   0.2   3.1  27.0   13:25     S
29  15.2  21.5   12:22  10.4   05:30   8.8   0.4   5.8   3.1  31.0   20:44     S
30  14.4  20.3   12:33   9.8   04:16   9.6   0.4   0.2   1.9  27.0   12:05   SSE
----------------------------------------------------------------------------------
    19.7  34.7     9     9.8    30   149.1  80.8   9.6   2.6  53.0    15       S

Max >=  30.0:  8
Max <=  20.0:  2
Min <=  10.0:  1
Min <=   4.0:  0
Max Rain: 5.8 on day 29
Days of Rain: 8 (>= 0.2 mm)  2 (>= 2.0 mm)  0 (>= 20.0 mm)
Heat Base: 24.0  Cool Base: 18.3  Method: Integration
:now::gauges::today::yesterday::this month::this year::records::trends::forum:


Page updated 23/03/2012 9:30:00 PM
powered by Cumulus v1.9.2 (1032)