Leumeah NSW weather

 Latitude S 34° 03' 26"    Longitude E 150° 49' 44"    Elevation 74 m

Leumeah weather

NOAA Style Reports

Select a Year or Month report

Report for 2018 Jun
                   Monthly Climatological Summary for Jun 2018

Name: Blazingcomet   City: Leumeah   State: NSW
Elevation: 74 m  Lat: S 34 03' 26"   Lon: E 150 49' 44"

                  Temperature (C), Rain (mm), Wind Speed (km/h)

                                      Heat  Cool        Avg
    Mean                              Deg   Deg         Wind                 Dom
Day Temp  High   Time   Low    Time   Days  Days  Rain  Speed High   Time    Dir
----------------------------------------------------------------------------------
 1  12.3  16.7   13:03   9.1   06:44  11.7   0.0   0.0   5.7  40.0   14:59    SW
 2  13.2  15.6   11:04  10.1   01:45  10.8   0.0   0.0   7.1  40.0   11:08    SW
 3  13.4  17.7   14:13  10.4   23:54  10.6   0.0   0.0   4.7  33.0   12:15    SW
 4  13.0  17.4   12:05   9.3   07:11  11.0   0.0   0.0   3.4  26.0   13:16   SSW
 5  11.5  16.3   12:50   7.7   06:43  12.5   0.0  19.2   1.8  27.0   13:44   SSW
 6  12.1  16.4   11:54   9.5   23:55  11.9   0.0  21.6   0.8  18.0   14:08   SSE
 7  11.5  18.5   13:38   6.6   07:21  12.5   0.0   0.2   0.5  12.0   13:13   ENE
 8  10.7  14.1   14:59   7.5   06:04  13.3   0.0   8.8   0.0   6.0   13:17     N
 9  11.6  14.8   15:34   9.0   22:20  12.4   0.0   3.2   0.1  11.0   15:30    SW
10  11.5  16.8   12:23   7.1   04:57  12.5   0.0   0.2   3.0  38.0   13:19   SSW
11  11.8  17.4   11:56   7.0   23:48  12.2   0.0   0.0   2.4  20.0   10:20   SSW
12   8.9  15.5   14:34   3.9   06:44  15.1   0.0   0.2   0.1   9.0   12:43   NNE
13  10.7  18.4   13:06   5.6   02:42  13.3   0.0   0.2   1.7  33.0   12:49     W
14   9.6  17.4   13:38   3.3   07:14  14.4   0.0   0.0   2.8  38.0   12:55     W
15  11.4  18.3   13:06   2.9   06:39  12.6   0.0   0.0   5.4  42.0   14:22     W
16  11.5  17.0   13:16   5.9   03:30  12.5   0.0   0.0   3.4  36.0   15:04     W
17   9.4  13.8   13:25   2.8   04:01  14.6   0.0   0.0   6.4  45.0   12:16     W
18  11.8  16.4   13:18   8.0   00:00  12.2   0.0   0.0   7.4  40.0   12:16    SW
19  11.0  14.6   15:24   8.5   23:17  13.0   0.0  10.4   5.1  38.0   13:16    SW
20  12.3  17.0   13:18   8.1   05:43  11.7   0.0   2.2   2.4  21.0   11:44     S
21  11.5  17.0   13:56   7.8   23:59  12.5   0.0   0.0   0.5  11.0   09:09   ESE
22   9.9  17.4   14:15   4.4   06:52  14.1   0.0   0.2   0.1   9.0   10:18   WSW
23   9.9  19.0   15:41   2.3   07:19  14.1   0.0   0.2   0.6  16.0   15:30   WSW
24   9.3  17.6   14:01   3.3   04:18  14.7   0.0   0.0   1.4  20.0   15:23   SSE
25   8.9  16.0   13:37   2.8   07:16  15.1   0.0   0.0   0.8  18.0   15:54   SSW
26   9.4  17.3   13:06   4.0   04:14  14.6   0.0   0.0   0.6  12.0   14:44   SSE
27  11.4  15.9   13:56   7.1   04:25  12.6   0.0   2.2   0.5  15.0   13:09     E
28  10.8  16.1   12:31   4.4   23:59  13.2   0.0   9.0   0.5  36.0   14:02    SW
29   7.5  14.2   13:43   2.0   06:00  16.5   0.0   0.2   0.6  20.0   13:24     W
30   9.5  17.8   15:00   1.6   06:55  14.5   0.0   0.0   1.3  38.0   16:06     W
----------------------------------------------------------------------------------
    10.9  19.0    23     1.6    30   392.7   0.0  78.0   2.4  45.0    17      SW

Max >=  30.0:  0
Max <=  20.0: 30
Min <=  10.0: 28
Min <=   4.0: 10
Max Rain: 21.6 on day 6
Days of Rain: 15 (>= 0.2 mm)  8 (>= 2.0 mm)  1 (>= 20.0 mm)
Heat Base: 24.0  Cool Base: 18.3  Method: Integration
:now::gauges::today::yesterday::this month::this year::records::trends::forum:


Page updated 23/03/2012 9:30:00 PM
powered by Cumulus v1.9.2 (1032)