Leumeah NSW weather

 Latitude S 34° 03' 26"    Longitude E 150° 49' 44"    Elevation 74 m

Leumeah weather

NOAA Style Reports

Select a Year or Month report
V/Λ2019 > Jan Feb Mar Apr May Jun Jul Aug Sep Oct Nov Dec
V/Λ2018 > Jan Feb Mar Apr May Jun Jul Aug Sep Oct Nov Dec
V/Λ2017 > Jan Feb Mar Apr May Jun Jul Aug Sep Oct Nov Dec
V/Λ2016 > Jan Feb Mar Apr May Jun Jul Aug Sep Oct Nov Dec
V/Λ2015 > Jan Feb Mar Apr May Jun Jul Aug Sep Oct Nov Dec
V/Λ2014 > Jan Feb Mar Apr May Jun Jul Aug Sep Oct Nov Dec
V/Λ2013 > Jan Feb Mar Apr May Jun Jul Aug Sep Oct Nov Dec
V/Λ2012 > Jan Feb Mar Apr May Jun Jul Aug Sep Oct Nov Dec
V/Λ2011 > Jan Feb Mar Apr May Jun Jul Aug Sep Oct Nov Dec

Report for 2019 Feb
                   Monthly Climatological Summary for Feb 2019

Name: Blazingcomet   City: Leumeah   State: NSW
Elevation: 74 m  Lat: S 34 03' 26"   Lon: E 150 49' 44"

                  Temperature (C), Rain (mm), Wind Speed (km/h)

                                      Heat  Cool        Avg
    Mean                              Deg   Deg         Wind                 Dom
Day Temp  High   Time   Low    Time   Days  Days  Rain  Speed High   Time    Dir
----------------------------------------------------------------------------------
 1  19.1  20.7   12:01  17.8   06:43   4.9   0.9   0.0   4.0  24.0   00:00     S
 2  21.9  25.5   17:31  19.0   00:51   2.2   3.6   1.2   3.4  24.0   11:33     E
 3  25.2  33.1   15:37  19.1   06:30   1.3   6.9   0.0   3.0  29.0   16:15   ENE
 4  25.9  35.3   14:57  19.8   06:24   1.0   7.6   0.0   2.0  20.0   15:36   ESE
 5  23.7  25.4   14:44  21.8   22:58   0.7   5.4   0.8   4.7  29.0   13:53   SSE
 6  24.4  29.6   13:20  19.8   06:18   1.1   6.1   1.0   4.6  35.0   15:25     E
 7  24.9  31.2   13:19  19.0   06:28   1.1   6.6   0.0   4.5  35.0   15:50     E
 8  24.4  34.6   14:43  19.2   23:38   1.8   6.1  17.4   1.9  44.0   18:47     E
 9  24.0  31.1   15:51  18.1   06:06   2.2   5.7   0.0   5.4  49.0   17:18     W
10  19.3  26.4   14:28  12.9   06:28   4.8   2.1   0.0   2.3  29.0   16:39   ESE
11  22.0  32.6   16:26  13.3   06:05   3.8   4.9   0.0   2.1  24.0   17:34   ENE
12  25.8  35.6   15:18  14.7   06:46   2.7   8.1   0.0   3.5  44.0   14:03   WNW
13  21.2  27.7   14:13  18.0   23:58   3.0   2.9   0.0   6.8  36.0   00:44     S
14  20.0  26.8   16:27  14.4   05:39   4.2   2.6   0.0   2.9  31.0   16:55     E
15  20.6  27.8   12:48  14.4   05:43   4.1   3.3   0.0   2.9  26.0   14:17     E
16  21.8  29.3   14:22  15.8   06:51   3.2   4.1   0.0   2.7  29.0   17:08   ENE
17  23.6  33.4   15:16  15.7   06:16   2.7   5.7   0.0   3.1  29.0   17:30     E
18  25.4  36.5   14:08  16.7   06:40   2.0   7.3   0.0   3.1  29.0   15:55     E
19  23.5  30.4   11:20  19.6   21:31   1.5   5.2   0.0   5.7  42.0   15:48   SSE
20  20.4  24.1   14:44  18.2   06:23   3.6   2.1   0.4   2.8  20.0   17:25     S
21  21.1  24.0   14:04  18.6   23:55   2.9   2.8   0.2   3.6  24.0   16:07    SE
22  19.8  23.9   13:10  17.4   04:21   4.2   1.7   1.6   6.2  33.0   11:03   SSE
23  19.3  25.0   15:10  15.8   04:19   4.7   1.8   1.0   6.9  45.0   17:59     S
24  19.7  23.9   15:49  16.6   23:49   4.3   1.8   0.2   5.1  38.0   12:22   SSE
25  19.9  26.3   13:59  15.5   02:51   4.3   2.3   0.0   2.8  26.0   15:09     E
26  21.0  30.2   17:18  12.7   06:29   4.2   4.2   0.0   1.9  21.0   17:48    NE
27  21.5  26.3   15:33  16.4   05:23   2.9   3.5   0.0   3.7  31.0   11:52    SE
28  23.5  30.4   14:13  18.4   03:58   2.1   5.2   0.0   2.9  31.0   17:44   ENE
----------------------------------------------------------------------------------
    22.2  36.5    18    12.7    26    81.5 120.5  23.8   3.7  49.0     9      SE

Max >=  30.0: 12
Max <=  20.0:  0
Min <=  10.0:  0
Min <=   4.0:  0
Max Rain: 17.4 on day 8
Days of Rain: 9 (>= 0.2 mm)  1 (>= 2.0 mm)  0 (>= 20.0 mm)
Heat Base: 24.0  Cool Base: 18.3  Method: Integration
:now::gauges::today::yesterday::this month::this year::records::trends::forum:


Page updated 23/03/2012 9:30:00 PM
powered by Cumulus v1.9.2 (1032)