Leumeah NSW weather

 Latitude S 34° 03' 26"    Longitude E 150° 49' 44"    Elevation 74 m

Leumeah weather

NOAA Style Reports

Select a Year or Month report
V/Λ2019 > Jan Feb Mar Apr May Jun Jul Aug Sep Oct Nov Dec
V/Λ2018 > Jan Feb Mar Apr May Jun Jul Aug Sep Oct Nov Dec
V/Λ2017 > Jan Feb Mar Apr May Jun Jul Aug Sep Oct Nov Dec
V/Λ2016 > Jan Feb Mar Apr May Jun Jul Aug Sep Oct Nov Dec
V/Λ2015 > Jan Feb Mar Apr May Jun Jul Aug Sep Oct Nov Dec
V/Λ2014 > Jan Feb Mar Apr May Jun Jul Aug Sep Oct Nov Dec
V/Λ2013 > Jan Feb Mar Apr May Jun Jul Aug Sep Oct Nov Dec
V/Λ2012 > Jan Feb Mar Apr May Jun Jul Aug Sep Oct Nov Dec
V/Λ2011 > Jan Feb Mar Apr May Jun Jul Aug Sep Oct Nov Dec

Report for 2019 Mar
                   Monthly Climatological Summary for Mar 2019

Name: Blazingcomet   City: Leumeah   State: NSW
Elevation: 74 m  Lat: S 34 03' 26"   Lon: E 150 49' 44"

                  Temperature (C), Rain (mm), Wind Speed (km/h)

                                      Heat  Cool        Avg
    Mean                              Deg   Deg         Wind                 Dom
Day Temp  High   Time   Low    Time   Days  Days  Rain  Speed High   Time    Dir
----------------------------------------------------------------------------------
 1  22.6  28.7   13:27  18.0   05:01   2.3   4.3   4.0   4.0  35.0   16:37     E
 2  22.6  28.3   15:49  18.5   06:54   2.2   4.3   0.8   3.5  29.0   16:13     E
 3  23.1  30.5   14:43  17.8   06:45   2.3   4.8   0.0   3.0  35.0   16:23   ENE
 4  23.7  33.3   14:56  16.9   06:08   2.3   5.5   0.0   2.8  27.0   18:11   ENE
 5  23.9  33.2   14:52  17.8   05:29   1.9   5.6   0.0   2.5  26.0   16:27     E
 6  23.7  34.3   12:32  16.9   23:57   2.2   5.5   0.0   5.1  51.0   13:30    SW
 7  17.8  21.6   13:10  13.7   04:39   6.2   0.8   0.0   4.1  26.0   10:31    SE
 8  22.6  30.5   15:20  17.1   00:42   2.7   4.5   0.0   2.6  29.0   16:21   ENE
 9  21.7  25.3   13:25  19.5   23:57   2.4   3.4   0.0   1.7  20.0   18:36    SE
10  23.9  32.7   17:05  16.2   06:31   2.5   5.9   0.0   1.4  18.0   13:06    NE
11  24.2  28.3   13:43  20.5   07:06   0.8   5.9   0.0   4.6  27.0   15:31   ESE
12  25.3  33.9   15:31  18.0   07:09   1.7   7.0   0.0   5.1  40.0   20:18    SW
13  19.7  21.7   15:51  18.4   08:18   4.3   1.4   0.0   2.9  26.0   00:40   SSE
14  20.5  25.8   14:27  16.4   23:49   3.6   2.4  32.8   1.8  35.0   19:32     E
15  18.8  23.1   15:00  14.7   06:50   5.2   1.5   0.6   4.3  35.0   11:44     S
16  19.1  24.0   13:31  16.6   02:12   4.9   1.3  28.0   3.2  29.0   13:39   SSE
17  18.1  18.8   17:38  17.1   09:58   5.9   0.1  47.4   2.8  18.0   11:44   WSW
18  18.3  21.9   13:39  16.4   02:24   5.7   0.6   4.6   0.4  12.0   14:45    SE
19  20.4  25.6   12:53  17.0   07:25   3.7   2.5   0.2   2.3  26.0   13:07    SE
20  20.9  26.0   13:06  16.8   06:51   3.3   2.7   3.0   1.8  24.0   13:59    SE
21  21.0  26.5   13:59  16.5   04:58   3.4   2.9   0.2   2.9  26.0   16:01    SE
22  20.6  27.7   14:25  16.8   06:55   3.7   2.6   2.8   0.8  15.0   15:57     E
23  21.1  28.1   14:25  16.1   07:05   3.5   3.3   0.4   0.9  16.0   13:46   ENE
24  23.1  31.1   13:35  18.4   05:08   2.4   4.8   0.6   1.7  21.0   15:03     S
25  21.3  24.2   17:53  18.7   07:56   2.7   3.0   2.0   1.5  27.0   19:58   WSW
26  19.2  24.8   16:33  14.4   23:58   4.8   1.7   0.0   5.3  31.0   10:42   WSW
27  17.1  21.1   11:14  11.6   06:49   6.9   0.8   0.0   2.3  20.0   14:03   ESE
28  19.8  26.0   14:23  14.4   07:08   4.4   2.5   0.0   1.7  24.0   16:47   ENE
29  20.4  27.9   15:21  13.7   05:49   4.1   3.3   0.0   1.0  18.0   18:30   ENE
30  17.7  23.6   13:22  12.3   21:04   6.3   0.8  19.0   7.2  54.0   15:48     W
31  15.2  20.2   15:57  10.8   07:32   8.8   0.3   0.0   6.6  36.0   00:00   WSW
----------------------------------------------------------------------------------
    20.9  34.3     6    10.8    31   117.1  96.0 146.4   3.0  54.0    30     SSE

Max >=  30.0:  8
Max <=  20.0:  1
Min <=  10.0:  0
Min <=   4.0:  0
Max Rain: 47.4 on day 17
Days of Rain: 15 (>= 0.2 mm)  9 (>= 2.0 mm)  3 (>= 20.0 mm)
Heat Base: 24.0  Cool Base: 18.3  Method: Integration
:now::gauges::today::yesterday::this month::this year::records::trends::forum:


Page updated 23/03/2012 9:30:00 PM
powered by Cumulus v1.9.2 (1032)