Leumeah NSW weather

 Latitude S 34° 03' 26"    Longitude E 150° 49' 44"    Elevation 74 m

Leumeah weather

NOAA Style Reports

Select a Year or Month report

Report for 2019 Apr
                   Monthly Climatological Summary for Apr 2019

Name: Blazingcomet   City: Leumeah   State: NSW
Elevation: 74 m  Lat: S 34 03' 26"   Lon: E 150 49' 44"

                  Temperature (C), Rain (mm), Wind Speed (km/h)

                                      Heat  Cool        Avg
    Mean                              Deg   Deg         Wind                 Dom
Day Temp  High   Time   Low    Time   Days  Days  Rain  Speed High   Time    Dir
----------------------------------------------------------------------------------
 1  15.7  21.0   13:23  10.6   02:56   8.4   0.4   0.0   2.6  27.0   16:15    SE
 2  16.9  21.4   12:46  12.4   05:51   7.1   0.6   0.2   1.4  20.0   13:09   ESE
 3  19.0  26.8   16:18  11.8   06:51   5.3   2.3   0.2   1.3  16.0   16:55    NE
 4  18.3  22.0   12:06  14.8   06:17   5.7   0.8   0.0   2.4  27.0   12:32     S
 5  17.8  21.9   12:09  15.8   23:52   6.2   0.5  14.2   1.2  20.0   12:37    SE
 6  19.9  27.9   16:44  14.5   03:00   4.7   2.9   0.0   0.4  15.0   16:19   NNE
 7  20.6  29.7   15:21  14.9   06:29   4.4   3.1   0.2   0.7  16.0   16:01    NE
 8  22.1  31.8   14:46  13.9   06:04   4.1   5.0   0.2   1.1  27.0   14:35   WNW
 9  18.2  26.1   13:58  13.1   23:52   6.0   1.9   0.0   4.8  38.0   18:20   SSW
10  14.2  19.6   11:57   9.9   04:45   9.8   0.1   0.0   2.6  24.0   13:36    SE
11  14.1  18.9   10:53   9.4   04:51   9.9   0.0   0.0   1.6  15.0   13:33   SSE
12  16.2  22.0   14:25  12.0   03:47   7.7   0.7   0.0   1.4  20.0   14:29     E
13  17.4  25.9   13:40  11.2   05:27   6.7   1.5   0.0   1.4  24.0   16:02    SE
14  17.4  22.5   11:23  13.4   23:56   6.6   1.0   0.0   2.7  29.0   12:00    SE
15  16.5  22.4   11:36  11.7   05:36   7.5   0.9   0.0   1.9  20.0   14:32    SE
16  17.2  24.0   12:26  12.8   02:22   6.8   1.3   0.2   2.3  20.0   15:12    SE
17  17.6  24.5   12:27  12.0   06:22   6.4   1.6   0.2   1.6  18.0   15:41     E
18  18.7  26.8   13:59  11.5   06:26   5.6   2.3   0.2   1.5  21.0   18:03     E
19  18.9  25.4   14:34  14.6   06:11   5.1   1.7   0.0   0.8  15.0   12:45   ENE
20  18.7  24.7   11:49  12.9   06:12   5.3   1.9   0.0   1.3  20.0   15:16     E
21  19.4  25.1   14:31  14.9   06:40   4.6   1.8   0.4   1.4  20.0   13:27     E
22  19.8  26.1   13:35  15.1   06:51   4.4   2.2   0.0   1.3  20.0   15:58     E
23  19.2  25.6   12:03  15.4   04:51   4.8   1.8   0.0   1.3  18.0   12:37     E
24  19.1  25.5   15:37  13.8   06:31   5.1   2.1   0.2   0.9  21.0   12:59    NE
25  19.0  28.3   14:31  12.3   06:40   5.5   2.4   0.0   1.2  18.0   15:20   ESE
26  19.5  26.7   13:46  13.2   06:53   5.0   2.7   0.2   4.8  47.0   14:35   WSW
27  14.7  20.5   15:43   9.1   23:30   9.3   0.2   0.0   2.4  20.0   00:47    SW
28  13.5  24.6   14:43   5.5   05:37  10.5   0.9   0.0   1.6  24.0   10:56     S
29  14.8  21.0   12:12   8.6   01:34   9.2   0.4   0.0   1.7  18.0   12:15   ESE
30  17.4  23.7   14:33  10.8   06:22   6.6   1.4   0.0   1.2  18.0   11:59    NE
----------------------------------------------------------------------------------
    17.7  31.8     8     5.5    28   194.3  46.4  16.4   1.8  47.0    26      SE

Max >=  30.0:  1
Max <=  20.0:  2
Min <=  10.0:  5
Min <=   4.0:  0
Max Rain: 14.2 on day 5
Days of Rain: 11 (>= 0.2 mm)  1 (>= 2.0 mm)  0 (>= 20.0 mm)
Heat Base: 24.0  Cool Base: 18.3  Method: Integration
:now::gauges::today::yesterday::this month::this year::records::trends::forum:


Page updated 23/03/2012 9:30:00 PM
powered by Cumulus v1.9.2 (1032)