Leumeah NSW weather

 Latitude S 34° 03' 26"    Longitude E 150° 49' 44"    Elevation 74 m

Leumeah weather

NOAA Style Reports


Report for 2019 Jun
                   Monthly Climatological Summary for Jun 2019

Name: Blazingcomet   City: Leumeah   State: NSW
Elevation: 74 m  Lat: S 34 03' 26"   Lon: E 150 49' 44"

                  Temperature (C), Rain (mm), Wind Speed (km/h)

                                      Heat  Cool        Avg
    Mean                              Deg   Deg         Wind                 Dom
Day Temp  High   Time   Low    Time   Days  Days  Rain  Speed High   Time    Dir
----------------------------------------------------------------------------------
 1  12.5  18.6   12:27   5.9   06:34  11.5   0.0   0.0   2.5  24.0   12:27   SSW
 2  11.9  19.2   12:47   6.9   05:00  12.1   0.0   0.0   0.8  12.0   10:04     S
 3  11.6  16.5   12:01   8.8   07:40  12.4   0.0   2.2   2.3  31.0   16:04   WSW
 4  10.3  13.3   12:48   6.3   04:55  13.7   0.0  20.6   9.8  49.0   12:38    SW
 5  10.1  15.5   13:42   6.5   23:01  13.9   0.0   8.8   3.1  31.0   15:07    SW
 6  10.0  18.0   13:17   2.6   05:54  14.0   0.0   0.0   1.5  21.0   15:56     S
 7  12.3  18.5   13:59   8.0   07:03  11.7   0.0   0.0   0.9  12.0   10:05   SSE
 8  10.9  13.9   14:54   7.5   07:06  13.1   0.0   0.2   0.0   6.0   22:17   SSE
 9  13.0  20.0   14:22   6.7   07:18  11.0   0.2   0.0   0.2  11.0   13:51    NW
10  13.8  20.9   15:55   7.0   07:15  10.3   0.3   0.0   0.4  20.0   15:56     N
11  13.2  22.7   13:25   7.0   06:36  10.8   0.5   0.2   0.3  20.0   13:43     E
12  12.6  19.8   14:21   6.0   07:11  11.4   0.1   0.0   0.0   3.0   08:56   ---
13  14.3  21.0   14:40  10.4   22:06   9.7   0.2   0.0   0.4  29.0   15:29   WSW
14  12.0  18.6   13:54   6.5   23:54  12.0   0.0   0.0   2.1  20.0   10:22   WSW
15  11.4  18.4   13:50   4.4   06:23  12.6   0.0   0.0   1.3  16.0   08:44    SW
16  11.9  13.9   11:17  10.4   23:09  12.1   0.0  21.6   1.0  20.0   19:32   SSW
17  12.7  17.0   12:28   9.2   07:04  11.3   0.0   0.0   3.7  31.0   11:32    SW
18  12.7  17.4   13:03   7.7   23:59  11.3   0.0   0.0   1.4  16.0   12:24   WSW
19   8.9  15.7   13:47   3.5   06:12  15.1   0.0   0.0   1.9  24.0   11:23    SW
20   8.3  14.5   12:45   3.1   06:53  15.7   0.0   1.0   1.1  16.0   08:47    SW
21   8.4  14.3   13:54   5.0   21:30  15.6   0.0   0.2   3.2  24.0   09:56    SW
22   8.7  14.6   13:22   3.2   05:16  15.3   0.0   0.0   3.2  29.0   13:28    SW
23   9.1  15.3   14:25   2.6   05:08  14.9   0.0   7.4   3.9  29.0   15:51    SW
24  11.1  16.1   11:03   8.3   04:26  12.9   0.0   4.2   2.8  33.0   10:31     S
25  12.6  16.9   11:04   8.3   07:05  11.4   0.0   0.2   1.9  27.0   12:48     S
26  12.5  17.3   13:00   8.6   07:27  11.5   0.0   0.0   1.0  20.0   13:41    SE
27  12.5  18.8   13:09   8.4   23:44  11.5   0.0   0.6   0.3  12.0   15:28    SE
28  11.8  19.2   14:41   6.5   06:19  12.2   0.0   0.2   0.6  18.0   13:39    NE
29  11.8  19.4   14:44   5.1   06:36  12.2   0.1   0.2   0.0  15.0   14:52    NE
30  12.3  16.3   13:40   7.4   07:26  11.7   0.0   0.0   3.1  36.0   03:01   WSW
----------------------------------------------------------------------------------
    11.5  22.7    11     2.6     6   374.9   1.4  67.6   1.8  49.0     4      SW

Max >=  30.0:  0
Max <=  20.0: 27
Min <=  10.0: 28
Min <=   4.0:  5
Max Rain: 21.6 on day 16
Days of Rain: 14 (>= 0.2 mm)  6 (>= 2.0 mm)  2 (>= 20.0 mm)
Heat Base: 24.0  Cool Base: 18.3  Method: Integration
:now::gauges::today::yesterday::this month::this year::records::trends::forum:


Page updated 23/03/2012 9:30:00 PM
powered by Cumulus v1.9.2 (1032)